{"id":14609,"date":"2020-05-02T14:46:46","date_gmt":"2020-05-02T12:46:46","guid":{"rendered":"http:\/\/unfallforensik.com\/kfz\/?page_id=14609"},"modified":"2020-10-31T18:40:01","modified_gmt":"2020-10-31T17:40:01","slug":"unfall-rote-ampel-aussage-gegen-aussage","status":"publish","type":"page","link":"https:\/\/unfallforensik.com\/kfz\/unfall-rote-ampel-aussage-gegen-aussage\/","title":{"rendered":"Unfall Rote Ampel Aussage gegen Aussage"},"content":{"rendered":"<p>[vc_row][vc_column][vc_column_text]<\/p>\n<h3>Unfall Rote Ampel Aussage gegen Aussage<\/h3>\n<p><em>&#8222;Ich fuhr mit meinem Fahrzeug gerade aus w\u00e4hrend ich gr\u00fcn gehabt habe. Der Linksabbieger des Gegenverkehres hatte rot, aber fuhr dennoch weiter und kollidierte mit mir. Ich hatte 2\/3 dieser Kreuzung bereits durchquert. Er behauptet nun das er ebenfalls gr\u00fcn hatte. Nun steht es Aussage gegen Aussage.&#8220;<\/em><\/p>\n<p>Verkehrsunf\u00e4lle an Kreuzungen mit einer Signallichtanlage kommen sehr oft vor. Meist liefern die Aussagen der Beteiligten kein einheitliches Bild. Doch zeugen k\u00f6nnen die Ampelschaltung beurteilen, wie z.B. Fu\u00dfg\u00e4nger <em>&#8222;als ich gerade gr\u00fcn bekam h\u00f6rte ich einen lauten Knall&#8220;<\/em><\/p>\n<p>Wie wird in der Unfallrekonstruktion die Aussage gegen Aussage beim \u00fcberfahren einer roten Ampel analysiert ?[\/vc_column_text][\/vc_column][\/vc_row][vc_row][vc_column width=&#8220;2\/3&#8243;][vc_column_text]<\/p>\n<h4>Gr\u00fcn, gelb oder doch schon rot? An Ampeln nehmen es die Autofahrer hin und wieder nicht ganz so genau. Manchmal kommt es dort zu Unf\u00e4llen. Doch was passiert, wenn beide Parteien behaupten, ein gr\u00fcnes Ampelsignal gehabt zu haben?<\/h4>\n<h4>Und wer zahlt f\u00fcr den Schaden?<\/h4>\n<p>[\/vc_column_text][\/vc_column][vc_column width=&#8220;1\/3&#8243;][\/vc_column][\/vc_row][vc_row][vc_column][vc_column_text]<\/p>\n<h3>Der Ampelschaltplan<\/h3>\n<p>Der Ampelschaltplan gibt Auskunft \u00fcber die Ampelschaltung der Kreuzung. Bei Unf\u00e4llen auf Kreuzungen mit Lichtzeichenanlagen machen die Beteiligten nachtr\u00e4glich recht h\u00e4ufig die Freigabe durch gr\u00fcnes Licht jeweils f\u00fcr ihre Fahrtrichtung geltend. Bei der Unfallrekonstruktion kann deshalb die Einbeziehung der Schaltphasen in den zeitlichen Ablauf des Unfallgeschehens notwendig werden. Zus\u00e4tzlich zu einem \u00dcbersichtsplan der Kreuzung, in<br \/>\ndem die Standorte der verschiedenen Ampeln eingetragen sind, muss noch der Signalzeitenplan der betreffenden Lichtzeichenanlage vorliegen, aus dem die zeitliche gegenseitige Abh\u00e4ngigkeit der einzelnen Lichtzeichen zu ersehen ist. Eine zeitlich <strong>absolute<\/strong> Zuordnung der Schaltphasen zum Kollisionszeitpunkt ist nicht m\u00f6glich, jedoch lassen sich zeitliche Modelle in der Weg-Zeit-Betrachtung plausibel darstellen. So k\u00f6nnen aus den Fahrzeugendstellungen und der Deformationsenergie R\u00fcckschl\u00fcsse auf die Einlaufgeschwindigkeiten und das vorkollision\u00e4re Fahrverhalten der Fahrzeuge gezogen werden.<\/p>\n<p>Sehr detailliert kann die Phasenschaltung in die Unfallrekonstruktion einbezogen werden, wenn es Aussagen \u00fcber die Schaltung gab. Z.B.<em> der Radfahrer sagte, als meine Radfahrerampel gerade gr\u00fcn schaltete h\u00f6rte ich einen lauten Knall<\/em>.[\/vc_column_text][\/vc_column][\/vc_row][vc_row][vc_column width=&#8220;1\/2&#8243;][cq_vc_zoomimage displaystyle=&#8220;magnify&#8220; magnifyimage=&#8220;14618&#8243; moveby=&#8220;hover&#8220; bordercolor=&#8220;#ffffff&#8220;][\/vc_column][vc_column width=&#8220;1\/2&#8243;][cq_vc_zoomimage displaystyle=&#8220;magnify&#8220; magnifyimage=&#8220;14619&#8243; moveby=&#8220;hover&#8220; bordercolor=&#8220;#ffffff&#8220; imagetitle=&#8220;Ampelschaltung&#8220;][\/vc_column][\/vc_row]<\/p>\n<p>&nbsp;<\/p>\n<p>Bei Gr\u00fcn gefahren und trotzdem schuld?<br \/>\nBesonderheiten bei einem Unfall im Kreuzungsbereich<br \/>\nJeder Autofahrer kennt die Situation: An einer beampelten Kreuzung schaltet die f\u00fcr ihn geltende<br \/>\nAmpel auf Gr\u00fcn, ein Losfahren ist jedoch kaum m\u00f6glich, da sich noch andere Fahrzeuge auf der<br \/>\nKreuzung befinden. Bei einem derartigen R\u00fcckstau im Kreuzungsbereich herrscht dann h\u00e4ufig<br \/>\nUnklarheit, wer zuerst fahren darf, das hei\u00dft ob dem bereits im Kreuzungsbereich befindlichen<br \/>\nNachz\u00fcgler zun\u00e4chst das R\u00e4umen der Kreuzung erm\u00f6glicht werden muss oder der nunmehr bei Gr\u00fcn<br \/>\nin die Kreuzung Einfahrende Vorrang hat. Sofern es in einer solchen Situation zum Unfall kommt, f\u00fchrt<br \/>\ndies h\u00e4ufig zu gerichtlichen Auseinandersetzungen, da Versicherungen in der Regel eine Mitschuld<br \/>\nbeider Unfallbeteiligter annehmen, was f\u00fcr die Beteiligten oft nur schwer verst\u00e4ndlich ist. Meistens<br \/>\nwird dabei die Hauptschuld dem Verkehrsteilnehmer gegeben, der bei eigenem Gr\u00fcnlicht in die<br \/>\nstaubedingt blockierte ampelgeregelte Kreuzung einf\u00e4hrt. Die Gerichte kommen hier in der Regel zu<br \/>\neiner Quote von 33% zulasten des Kreuzungsr\u00e4umers und von 67 % zulasten des bei Gr\u00fcn in die<br \/>\nKreuzung Einfahrenden. Begr\u00fcndet wird dies zun\u00e4chst damit, dass in solchen F\u00e4llen der Unfall in der<br \/>\nRegel f\u00fcr keinen der Beteiligten unvermeidbar war. In der Folge wird dann eine Haftungsabw\u00e4gung<br \/>\nvorgenommen. Dabei wird davon ausgegangen, dass ein an sich Vorfahrtberechtigter aufgrund der<br \/>\nallgemeinen Sorgfaltsanforderungen des \u00a7 1 Stra\u00dfenverkehrsordnung (StVO) verpflichtet ist, im Falle<br \/>\nvon Verkehrsstauungen durch ausnahmsweisen Vorrangverzicht zur Entwirrung verwickelter<br \/>\nVerkehrslagen beizutragen. Daraus folgt die allgemein anerkannte Regel, dass ein Kraftfahrer, der bei<br \/>\nGr\u00fcn in eine Kreuzung einfahren will, zun\u00e4chst dem in der Kreuzung &#8222;h\u00e4ngengebliebenen&#8220;<br \/>\nQuerverkehr die M\u00f6glichkeit geben muss, die Kreuzung zu verlassen (sogenanntes Vorrecht des<br \/>\nKreuzungsr\u00e4umers). Weiterhin argumentieren die Gerichte, dass eine erh\u00f6hte Betriebsgefahr von<br \/>\nFahrzeugen ausgeht, die bei Gr\u00fcn in eine Kreuzung einfahren, bevor der Kreuzungsbereich vom<br \/>\nabflie\u00dfenden Querverkehr ger\u00e4umt ist. Diese erh\u00f6hte Betriebsgefahr des Einfahrenden resultiert aus<br \/>\nder nachtr\u00e4glichen weiteren Verdichtung bzw. \u201eVerwirrung\u201c des Kreuzungsverkehrs durch das<br \/>\nEinfahren. Ausnahmsweise kommt eine \u00fcberwiegende oder alleinige Haftung des Kreuzungsr\u00e4umers<br \/>\nin Betracht, wenn diesem schon beim Einfahren in die Kreuzung klar sein musste, dass er die Kreuzung<br \/>\nnicht rechtzeitig wieder verlassen kann. Dies ist beispielsweise dann der Fall, wenn sich schon ein<br \/>\nerheblicher R\u00fcckstau auf der Kreuzung gebildet hat und er trotzdem noch in die Kreuzung einf\u00e4hrt.<br \/>\nDaneben kann eine volle Haftung des Kreuzungsr\u00e4umers auch gegeben sein, wenn er zwar die f\u00fcr ihn<br \/>\ngeltende Ampel bei Gr\u00fcn passiert hat, jedoch vor dem Erreichen der eigentlichen Kreuzung (der sich<br \/>\nkreuzenden Fahrbahnen) aufgehalten wurde bzw. abbremsen musste (weil beispielsweise Fu\u00dfg\u00e4nger<br \/>\nbei Rot \u00fcber die Fu\u00dfg\u00e4ngerampel laufen). In derartigen F\u00e4llen sprechen die Gerichte von einem<br \/>\nsogenannten \u201eunechten\u201c Nachz\u00fcgler, f\u00fcr den das Vorrecht zum R\u00e4umen der<br \/>\nKreuzung gegen\u00fcber dem einfahrenden Querverkehr gerade nicht gegeben<br \/>\nist. Dies deshalb nicht, weil ein unechter Nachz\u00fcgler f\u00fcr den bei Gr\u00fcn<br \/>\nlosfahrenden Querverkehr meist noch gar nicht zu sehen ist (da er sich noch<br \/>\ngar nicht im eigentlichen Kreuzungsbereich befindet). Gerade be i Stra\u00dfen, die<br \/>\nf\u00fcr beide Fahrtrichtungen mehrere Fahrspuren aufweisen und bei denen aus<br \/>\ndiesem Grund der Kreuzungsbereich viele Meter weit entfernt liegt, kommt<br \/>\ndies zum Tragen. Wenn es in einer solchen Konstellation zum Unfall kommt, kann dem bei Gr\u00fcn<br \/>\neinfahrenden Querverkehr in der Regel kein Sorgfaltspflichtversto\u00df gemacht werden, vielmehr wird<br \/>\nden unechten Nachz\u00fcgler die Alleinschuld treffen. Aufgrund der geschilderten rechtlichen<br \/>\nBesonderheiten bei Unf\u00e4llen auf beampelten Kreuzungen empfiehlt es sich f\u00fcr Gesch\u00e4digte stets, nach<br \/>\neinem solchen Unfall anwaltlichen Rat einzuholen, um nicht gegebenenfalls Nachteile bei der<br \/>\nSchadensregulierung zu erleiden.<\/p>\n","protected":false},"excerpt":{"rendered":"<p>[vc_row][vc_column][vc_column_text] Unfall Rote Ampel Aussage gegen Aussage &#8222;Ich fuhr mit meinem Fahrzeug gerade aus w\u00e4hrend ich gr\u00fcn gehabt habe. Der Linksabbieger des Gegenverkehres hatte rot, aber fuhr dennoch weiter und kollidierte mit mir. Ich hatte 2\/3 dieser Kreuzung bereits durchquert. Er behauptet nun das er ebenfalls gr\u00fcn hatte. Nun steht es Aussage gegen Aussage.&#8220; Verkehrsunf\u00e4lle&hellip;<\/p>\n","protected":false},"author":1,"featured_media":0,"parent":0,"menu_order":0,"comment_status":"closed","ping_status":"closed","template":"","meta":{"footnotes":""},"class_list":["post-14609","page","type-page","status-publish","hentry","description-off"],"yoast_head":"<!-- This site is optimized with the Yoast SEO Premium plugin v24.9 (Yoast SEO v24.9) - https:\/\/yoast.com\/wordpress\/plugins\/seo\/ -->\n<title>Unfall Rote Ampel Aussage gegen Aussage Gutachter Sachverst\u00e4ndige Kreuzungsunf\u00e4lle Rotlichtversto\u00df<\/title>\n<meta name=\"description\" content=\"Unfall rote Ampel ? Aussage gegen Aussage - wir untersuchen Verkehrsunf\u00e4lle an Stra\u00dfenkreuzungen mit Phasenschaltung von Ampelanlagen\" \/>\n<meta name=\"robots\" content=\"index, follow, max-snippet:-1, max-image-preview:large, max-video-preview:-1\" \/>\n<link rel=\"canonical\" href=\"https:\/\/unfallforensik.com\/kfz\/unfall-rote-ampel-aussage-gegen-aussage\/\" \/>\n<meta property=\"og:locale\" content=\"de_DE\" \/>\n<meta property=\"og:type\" content=\"article\" \/>\n<meta property=\"og:title\" content=\"Unfall Rote Ampel Aussage gegen Aussage\" \/>\n<meta property=\"og:description\" content=\"Unfall rote Ampel ? Aussage gegen Aussage - wir untersuchen Verkehrsunf\u00e4lle an Stra\u00dfenkreuzungen mit Phasenschaltung von Ampelanlagen\" \/>\n<meta property=\"og:url\" content=\"https:\/\/unfallforensik.com\/kfz\/unfall-rote-ampel-aussage-gegen-aussage\/\" \/>\n<meta property=\"og:site_name\" content=\"KFZ Gutachter Unfallforensik, unfallanalytisches Gutachten, Unfallanalyse, Sachverst\u00e4ndiger, Unfallrekonstruktion\" \/>\n<meta property=\"article:modified_time\" content=\"2020-10-31T17:40:01+00:00\" \/>\n<meta name=\"twitter:card\" content=\"summary_large_image\" \/>\n<meta name=\"twitter:label1\" content=\"Gesch\u00e4tzte Lesezeit\" \/>\n\t<meta name=\"twitter:data1\" content=\"5\u00a0Minuten\" \/>\n<script type=\"application\/ld+json\" class=\"yoast-schema-graph\">{\"@context\":\"https:\/\/schema.org\",\"@graph\":[{\"@type\":\"WebPage\",\"@id\":\"https:\/\/unfallforensik.com\/kfz\/unfall-rote-ampel-aussage-gegen-aussage\/\",\"url\":\"https:\/\/unfallforensik.com\/kfz\/unfall-rote-ampel-aussage-gegen-aussage\/\",\"name\":\"Unfall Rote Ampel Aussage gegen Aussage Gutachter Sachverst\u00e4ndige Kreuzungsunf\u00e4lle Rotlichtversto\u00df\",\"isPartOf\":{\"@id\":\"https:\/\/unfallforensik.com\/kfz\/#website\"},\"datePublished\":\"2020-05-02T12:46:46+00:00\",\"dateModified\":\"2020-10-31T17:40:01+00:00\",\"description\":\"Unfall rote Ampel ? Aussage gegen Aussage - wir untersuchen Verkehrsunf\u00e4lle an Stra\u00dfenkreuzungen mit Phasenschaltung von Ampelanlagen\",\"breadcrumb\":{\"@id\":\"https:\/\/unfallforensik.com\/kfz\/unfall-rote-ampel-aussage-gegen-aussage\/#breadcrumb\"},\"inLanguage\":\"de\",\"potentialAction\":[{\"@type\":\"ReadAction\",\"target\":[\"https:\/\/unfallforensik.com\/kfz\/unfall-rote-ampel-aussage-gegen-aussage\/\"]}]},{\"@type\":\"BreadcrumbList\",\"@id\":\"https:\/\/unfallforensik.com\/kfz\/unfall-rote-ampel-aussage-gegen-aussage\/#breadcrumb\",\"itemListElement\":[{\"@type\":\"ListItem\",\"position\":1,\"name\":\"Home\",\"item\":\"https:\/\/unfallforensik.com\/kfz\/\"},{\"@type\":\"ListItem\",\"position\":2,\"name\":\"Unfall Rote Ampel Aussage gegen Aussage\"}]},{\"@type\":\"WebSite\",\"@id\":\"https:\/\/unfallforensik.com\/kfz\/#website\",\"url\":\"https:\/\/unfallforensik.com\/kfz\/\",\"name\":\"KFZ Gutachter Unfallforensik, unfallanalytisches Gutachten, Unfallanalyse, Sachverst\u00e4ndiger, Unfallrekonstruktion\",\"description\":\"KFZ Gutachter,Unfallschaden,Unfallrekonstruktion,unfallanalytisches Verfahren\",\"publisher\":{\"@id\":\"https:\/\/unfallforensik.com\/kfz\/#organization\"},\"potentialAction\":[{\"@type\":\"SearchAction\",\"target\":{\"@type\":\"EntryPoint\",\"urlTemplate\":\"https:\/\/unfallforensik.com\/kfz\/?s={search_term_string}\"},\"query-input\":{\"@type\":\"PropertyValueSpecification\",\"valueRequired\":true,\"valueName\":\"search_term_string\"}}],\"inLanguage\":\"de\"},{\"@type\":\"Organization\",\"@id\":\"https:\/\/unfallforensik.com\/kfz\/#organization\",\"name\":\"KFZ Gutachter Unfallforensik, unfallanalytisches Gutachten, Unfallanalyse, Sachverst\u00e4ndiger, Unfallrekonstruktion\",\"url\":\"https:\/\/unfallforensik.com\/kfz\/\",\"logo\":{\"@type\":\"ImageObject\",\"inLanguage\":\"de\",\"@id\":\"https:\/\/unfallforensik.com\/kfz\/#\/schema\/logo\/image\/\",\"url\":\"https:\/\/unfallforensik.com\/kfz\/wp-content\/uploads\/2022\/05\/logo57.png\",\"contentUrl\":\"https:\/\/unfallforensik.com\/kfz\/wp-content\/uploads\/2022\/05\/logo57.png\",\"width\":57,\"height\":57,\"caption\":\"KFZ Gutachter Unfallforensik, unfallanalytisches Gutachten, Unfallanalyse, Sachverst\u00e4ndiger, Unfallrekonstruktion\"},\"image\":{\"@id\":\"https:\/\/unfallforensik.com\/kfz\/#\/schema\/logo\/image\/\"}}]}<\/script>\n<!-- \/ Yoast SEO Premium plugin. -->","yoast_head_json":{"title":"Unfall Rote Ampel Aussage gegen Aussage Gutachter Sachverst\u00e4ndige Kreuzungsunf\u00e4lle Rotlichtversto\u00df","description":"Unfall rote Ampel ? Aussage gegen Aussage - wir untersuchen Verkehrsunf\u00e4lle an Stra\u00dfenkreuzungen mit Phasenschaltung von Ampelanlagen","robots":{"index":"index","follow":"follow","max-snippet":"max-snippet:-1","max-image-preview":"max-image-preview:large","max-video-preview":"max-video-preview:-1"},"canonical":"https:\/\/unfallforensik.com\/kfz\/unfall-rote-ampel-aussage-gegen-aussage\/","og_locale":"de_DE","og_type":"article","og_title":"Unfall Rote Ampel Aussage gegen Aussage","og_description":"Unfall rote Ampel ? Aussage gegen Aussage - wir untersuchen Verkehrsunf\u00e4lle an Stra\u00dfenkreuzungen mit Phasenschaltung von Ampelanlagen","og_url":"https:\/\/unfallforensik.com\/kfz\/unfall-rote-ampel-aussage-gegen-aussage\/","og_site_name":"KFZ Gutachter Unfallforensik, unfallanalytisches Gutachten, Unfallanalyse, Sachverst\u00e4ndiger, Unfallrekonstruktion","article_modified_time":"2020-10-31T17:40:01+00:00","twitter_card":"summary_large_image","twitter_misc":{"Gesch\u00e4tzte Lesezeit":"5\u00a0Minuten"},"schema":{"@context":"https:\/\/schema.org","@graph":[{"@type":"WebPage","@id":"https:\/\/unfallforensik.com\/kfz\/unfall-rote-ampel-aussage-gegen-aussage\/","url":"https:\/\/unfallforensik.com\/kfz\/unfall-rote-ampel-aussage-gegen-aussage\/","name":"Unfall Rote Ampel Aussage gegen Aussage Gutachter Sachverst\u00e4ndige Kreuzungsunf\u00e4lle Rotlichtversto\u00df","isPartOf":{"@id":"https:\/\/unfallforensik.com\/kfz\/#website"},"datePublished":"2020-05-02T12:46:46+00:00","dateModified":"2020-10-31T17:40:01+00:00","description":"Unfall rote Ampel ? Aussage gegen Aussage - wir untersuchen Verkehrsunf\u00e4lle an Stra\u00dfenkreuzungen mit Phasenschaltung von Ampelanlagen","breadcrumb":{"@id":"https:\/\/unfallforensik.com\/kfz\/unfall-rote-ampel-aussage-gegen-aussage\/#breadcrumb"},"inLanguage":"de","potentialAction":[{"@type":"ReadAction","target":["https:\/\/unfallforensik.com\/kfz\/unfall-rote-ampel-aussage-gegen-aussage\/"]}]},{"@type":"BreadcrumbList","@id":"https:\/\/unfallforensik.com\/kfz\/unfall-rote-ampel-aussage-gegen-aussage\/#breadcrumb","itemListElement":[{"@type":"ListItem","position":1,"name":"Home","item":"https:\/\/unfallforensik.com\/kfz\/"},{"@type":"ListItem","position":2,"name":"Unfall Rote Ampel Aussage gegen Aussage"}]},{"@type":"WebSite","@id":"https:\/\/unfallforensik.com\/kfz\/#website","url":"https:\/\/unfallforensik.com\/kfz\/","name":"KFZ Gutachter Unfallforensik, unfallanalytisches Gutachten, Unfallanalyse, Sachverst\u00e4ndiger, Unfallrekonstruktion","description":"KFZ Gutachter,Unfallschaden,Unfallrekonstruktion,unfallanalytisches Verfahren","publisher":{"@id":"https:\/\/unfallforensik.com\/kfz\/#organization"},"potentialAction":[{"@type":"SearchAction","target":{"@type":"EntryPoint","urlTemplate":"https:\/\/unfallforensik.com\/kfz\/?s={search_term_string}"},"query-input":{"@type":"PropertyValueSpecification","valueRequired":true,"valueName":"search_term_string"}}],"inLanguage":"de"},{"@type":"Organization","@id":"https:\/\/unfallforensik.com\/kfz\/#organization","name":"KFZ Gutachter Unfallforensik, unfallanalytisches Gutachten, Unfallanalyse, Sachverst\u00e4ndiger, Unfallrekonstruktion","url":"https:\/\/unfallforensik.com\/kfz\/","logo":{"@type":"ImageObject","inLanguage":"de","@id":"https:\/\/unfallforensik.com\/kfz\/#\/schema\/logo\/image\/","url":"https:\/\/unfallforensik.com\/kfz\/wp-content\/uploads\/2022\/05\/logo57.png","contentUrl":"https:\/\/unfallforensik.com\/kfz\/wp-content\/uploads\/2022\/05\/logo57.png","width":57,"height":57,"caption":"KFZ Gutachter Unfallforensik, unfallanalytisches Gutachten, Unfallanalyse, Sachverst\u00e4ndiger, Unfallrekonstruktion"},"image":{"@id":"https:\/\/unfallforensik.com\/kfz\/#\/schema\/logo\/image\/"}}]}},"_links":{"self":[{"href":"https:\/\/unfallforensik.com\/kfz\/wp-json\/wp\/v2\/pages\/14609","targetHints":{"allow":["GET"]}}],"collection":[{"href":"https:\/\/unfallforensik.com\/kfz\/wp-json\/wp\/v2\/pages"}],"about":[{"href":"https:\/\/unfallforensik.com\/kfz\/wp-json\/wp\/v2\/types\/page"}],"author":[{"embeddable":true,"href":"https:\/\/unfallforensik.com\/kfz\/wp-json\/wp\/v2\/users\/1"}],"replies":[{"embeddable":true,"href":"https:\/\/unfallforensik.com\/kfz\/wp-json\/wp\/v2\/comments?post=14609"}],"version-history":[{"count":0,"href":"https:\/\/unfallforensik.com\/kfz\/wp-json\/wp\/v2\/pages\/14609\/revisions"}],"wp:attachment":[{"href":"https:\/\/unfallforensik.com\/kfz\/wp-json\/wp\/v2\/media?parent=14609"}],"curies":[{"name":"wp","href":"https:\/\/api.w.org\/{rel}","templated":true}]}}