{"id":14516,"date":"2020-04-11T09:53:37","date_gmt":"2020-04-11T07:53:37","guid":{"rendered":"http:\/\/unfallforensik.com\/kfz\/?page_id=14516"},"modified":"2020-06-15T16:03:56","modified_gmt":"2020-06-15T14:03:56","slug":"unfall-ees-wert","status":"publish","type":"page","link":"https:\/\/unfallforensik.com\/kfz\/unfall-ees-wert\/","title":{"rendered":"Unfall EES Wert"},"content":{"rendered":"<p>[vc_row][vc_column][vc_column_text]<\/p>\n<h2>Unfall EES Wert<\/h2>\n<p>Der Unfallanalytiker verwendet zur Berechnung der Kollisionsgeschwindigkeiten oft den EES-Wert (Energy Equivalent Speed). Man erh\u00e4lt den EES \u2013 Wert dadurch, dass Fahrzeuge gegen starre Hindernisse (Crashtestversuche) gefahren werden, die \u00e4hnliche Verformungen ausl\u00f6sen, wie sie bei realen Unf\u00e4llen\u00a0entstehen. Die Geschwindigkeit bei diesen Anst\u00f6\u00dfen wird gemessen.<\/p>\n<p>Gem\u00e4\u00df Definition \u00a0des EES\u00a0handelt es sich um eine Geschwindigkeitsangabe, die\u00a0stellvertretend f\u00fcr die am Fahrzeug verrichtete Verformungsarbeit\u00a0steht.[\/vc_column_text][tooltip tooltiptext=&#8220;EES-Wert in der Unfallrekonstruktion&#8220; tooltip_content=&#8220;Der EES-Wert ist eine Pr\u00fcfgr\u00f6\u00dfe der Unfallrekonstruktion. Der EES-Wert grenzt die Einlaufgeschwindigkeiten der\/ des Fahrzeuges ein. Wurde der EES-Wert falsch bestimmt, so muss das Ergebnis falsch sein.&#8220;][\/vc_column][\/vc_row][vc_row][vc_column width=&#8220;2\/3&#8243;][vc_column_text]Die\u00a0<b>Energy Equivalent Speed<\/b>\u00a0(kurz:\u00a0<i>EES<\/i>) ist die Geschwindigkeit eines Fahrzeugs mit Gesamtmasse m, dessen kinetische Energie genau einer gegebenen Deformationsenergie entspricht.<\/p>\n<p>Nach einem Unfall kann aus dem Deformationsmuster des Fahrzeugs und tabellierten Vergleichswerten die Deformationsenergie abgesch\u00e4tzt werden. Die Deformationsenergie ist dabei die Energie, die unter der Annahme\u00a0<a class=\"mw-redirect\" title=\"Plastische Verformung\" href=\"httpss:\/\/de.wikipedia.org\/wiki\/Plastische_Verformung\" target=\"_blank\" rel=\"noopener noreferrer\">vollplastischer Verformung<\/a>\u00a0umgesetzt wird. Reversible Anteile sind daher nicht ber\u00fccksichtigt.<\/p>\n<p>Trifft real ein Fahrzeug auf ein deformierbares Hindernis, so wird die\u00a0<a title=\"Kinetische Energie\" href=\"httpss:\/\/de.wikipedia.org\/wiki\/Kinetische_Energie\" target=\"_blank\" rel=\"noopener noreferrer\">kinetische Energie<\/a>\u00a0nicht nur in Deformationsarbeit am Fahrzeug, sondern auch in Deformationsarbeit am Hindernis umgesetzt. Hinzu kommen noch reversible Anteile. Die tats\u00e4chliche Kollisionsgeschwindigkeit muss also real gr\u00f6\u00dfer als die EES sein. Die aus dem Deformationsbild des Fahrzeugs abgesch\u00e4tzte EES ist n\u00e4herungsweise diejenige Geschwindigkeit des Fahrzeugs, die bei Kollision mit einem starren Hindernis den gleichen Schaden verursacht h\u00e4tte. Da die\u00a0<a title=\"Reversibler Prozess\" href=\"httpss:\/\/de.wikipedia.org\/wiki\/Reversibler_Prozess\" target=\"_blank\" rel=\"noopener noreferrer\">reversiblen<\/a>\u00a0Anteile nicht ber\u00fccksichtigt wurden (elastische Eigenschaften der Fahrzeugstruktur), m\u00fcsste die kinetische Energie des Fahrzeugs auch in diesem Fall um diesen Anteil h\u00f6her liegen.[\/vc_column_text][\/vc_column][vc_column width=&#8220;1\/3&#8243;][vc_single_image image=&#8220;14521&#8243; img_size=&#8220;full&#8220;][vc_column_text]<strong>Der EES Wert aus einem Verkehrsunfall ist eine reine technische Gr\u00f6\u00dfe, welches einer Sachverst\u00e4ndigen Interpretation unterliegt.<\/strong><\/p>\n<p><strong>Durch den EES Wert werden f\u00fcr den Unfall wichtige Indizien gesch\u00f6pft. Der EES-Wert ist der Wert nach vollendeter Kollision und l\u00e4sst R\u00fcckschl\u00fcsse auf den Unfallhergang zu.<\/strong>[\/vc_column_text][\/vc_column][\/vc_row][vc_row][vc_column][vc_column_text]<\/p>\n<h4 style=\"text-align: center;\">Der EES Wert bei einem Unfall beschreibt die Deformationsenergie als kinetische Energie des Fahrzeuges und ber\u00fccksichtigt nur die plastische bleibende Verformung des Fahrzeuges. EES Werte sollten ausschlie\u00dflich nach den Massen- und Eindringtiefenverh\u00e4ltnis zur Unfallrekonstruktion genutzt werden, um das Ergebnis nicht zu verf\u00e4lschen.<\/h4>\n<p>[\/vc_column_text][\/vc_column][\/vc_row][vc_row][vc_column width=&#8220;1\/3&#8243;][vc_single_image image=&#8220;14564&#8243; img_size=&#8220;full&#8220;][\/vc_column][vc_column width=&#8220;2\/3&#8243;][vc_column_text]Der Begriff EES Wert wurde 1980 von Burg\/Zeidler gepr\u00e4gt und fand als physikalische Gr\u00f6\u00dfe der Deformationsenergie einen Einzug in die Unfallrekonstruktion.<\/p>\n<p>Inspiriert einer Disertation von M.G\u00f6rtz entwickelte DSD-Datentechnik, Herr Andreas Moser ein Zusatztool in der Unfallrekonstruktionssoftware PC-Crash.<\/p>\n<p>Mit Ver\u00f6ffentlichung von PC-Crash am 07.04.2020 in der Version 13 stellte Herr A. Moser ein neuronales Netzwerk (k\u00fcnstliche Intelligenz) zur Bestimmung von EES-Werten mittels Unfallbildern der Fahrzeugbesch\u00e4digungen vor.[\/vc_column_text][\/vc_column][\/vc_row][vc_row][vc_column][vc_column_text]<\/p>\n<h3>Andreas Moser &#8211; Neuronales Netzwerk in der Unfallrekonstruktion<\/h3>\n<p>[dflip id=&#8220;14566&#8243;][\/dflip][\/vc_column_text][\/vc_column][\/vc_row][vc_row][vc_column][vc_column_text]<\/p>\n<h3>Ein Praxisbeispiel<\/h3>\n<p>Das Fahrzeug wurde an einem Stra\u00dfenrand entdeckt. Informationen zum Unfall sind nicht gegeben.[\/vc_column_text][cq_vc_imageaccordion images=&#8220;14571,14572,14573&#8243; isresize=&#8220;yes&#8220;][\/cq_vc_imageaccordion][vc_column_text]<\/p>\n<h3>N\u00e4chster Schritt<\/h3>\n<p>Einlesen der Bilder in die Datenbank[\/vc_column_text][vc_single_image image=&#8220;14575&#8243; img_size=&#8220;full&#8220;][vc_column_text]Einzeln separierte Ergebnisse[\/vc_column_text][cq_vc_imageaccordion images=&#8220;14576,14577,14578&#8243; isresize=&#8220;yes&#8220;][\/cq_vc_imageaccordion][vc_column_text]Optisch kenntlicher Bereich, woraus die Datenbank die Ergebnisse ermittelte[\/vc_column_text][cq_vc_imageaccordion images=&#8220;14580,14581,14582&#8243; isresize=&#8220;yes&#8220;][\/cq_vc_imageaccordion][vc_column_text]Des Weiteren ermittelt das neuronale Netzwerk Ergebnisse aus Crash-Test[\/vc_column_text][vc_single_image image=&#8220;14583&#8243; img_size=&#8220;full&#8220;][\/vc_column][\/vc_row][vc_row][vc_column width=&#8220;1\/2&#8243;][vc_single_image image=&#8220;14584&#8243; img_size=&#8220;full&#8220; title=&#8220;Bisherige EES-Einsch\u00e4tzungen von ausgew\u00e4hlten Sachverst\u00e4ndigen&#8220;][\/vc_column][vc_column width=&#8220;1\/2&#8243;][vc_single_image image=&#8220;14585&#8243; img_size=&#8220;full&#8220; title=&#8220;Referenzunfallbilder&#8220;][\/vc_column][\/vc_row][vc_row][vc_column][vc_column_text]<\/p>\n<h4 style=\"text-align: center;\" data-canvas-width=\"116.79299999999999\">Anstelle der Deformationsenergie wird \u00fcblicherweise der EES-Wert angegeben. Wie Untersuchungen (zB von Koh\u00fat\/Kolla) zeigten, treten beim Absch\u00e4tzen des EES-Wertes oft gro\u00dfe Abweichungen auf. Wird der EES-Wert zB mit 5 \u00b1 3 km\/h angegeben, dann bedeutet dies eine Untergrenze von 2 km\/h und eine Obergrenze von 8 km\/h, das hei\u00dft, es liegt ein Faktor 4 vor.<\/h4>\n<h4 style=\"text-align: center;\" data-canvas-width=\"25.194\">Da der EES-Wert quadratisch in die Deformationsenergie eingeht, bedeutet dies f\u00fcr die Energie den Faktor 16.<\/h4>\n<h4 style=\"text-align: center;\" data-canvas-width=\"129.31875\">Dementsprechend gro\u00df w\u00fcrde die Bandbreite f\u00fcr die Deformationsenergien und in weiterer Folge f\u00fcr die Differenzgeschwindigkeit resultieren.<\/h4>\n<h4 style=\"text-align: center;\" data-canvas-width=\"187.60125\">Es besteht aber die M\u00f6glichkeit, die Deformationsenergie zu berechnen.<\/h4>\n<h4 style=\"text-align: center;\" data-canvas-width=\"276.0652499999999\">Dazu gilt es eine Beziehung zwischen der Deformationsenergie und der Deformationstiefe herzuleiten.<\/h4>\n<div data-canvas-width=\"3.9615\"><\/div>\n<p>[\/vc_column_text][vc_column_text]<\/p>\n<h3><span style=\"color: #0000ff;\">Ein weiteres Beispiel<\/span><\/h3>\n<p>Beide unfallbeteiligten Fahrzeuge mit Besch\u00e4digungen:[\/vc_column_text][cq_vc_imageaccordion images=&#8220;14603,14604,14605,14606,14607&#8243;][\/cq_vc_imageaccordion][\/vc_column][\/vc_row][vc_row][vc_column width=&#8220;1\/3&#8243;][vc_single_image image=&#8220;14629&#8243; img_size=&#8220;full&#8220;][\/vc_column][vc_column width=&#8220;2\/3&#8243;][vc_column_text]<\/p>\n<h4>Der EES-Wert des wei\u00dfen unfallbeteiligten Fahrzeuges<\/h4>\n<p>Durch einlesen der Bilder konnte anhand der Datenbank der EES Wert des Unfalls bestimmt werden.<\/p>\n<p>Im Vergleich zum vorherigen Beispiel liegt hier der EES Wert ebenfalls bei 10-15 km\/h, indes der Unfallschaden sich zum vorherigen Beispiel unterscheidet.[\/vc_column_text][\/vc_column][\/vc_row][vc_row][vc_column][vc_single_image image=&#8220;14630&#8243; img_size=&#8220;full&#8220;][vc_column_text]<\/p>\n<h3>Ergebnis der klassischen Datenbank mit Unfallschadenbeispiel<\/h3>\n<p>[\/vc_column_text][\/vc_column][\/vc_row][vc_row][vc_column width=&#8220;1\/2&#8243;][vc_single_image image=&#8220;14631&#8243; img_size=&#8220;full&#8220;][\/vc_column][vc_column width=&#8220;1\/2&#8243;][vc_single_image image=&#8220;14632&#8243; img_size=&#8220;full&#8220;][\/vc_column][\/vc_row][vc_row][vc_column][vc_single_image image=&#8220;14633&#8243; img_size=&#8220;full&#8220;][tooltip tooltiptext=&#8220;Unfall Auto EES Wert&#8220; tooltip_content=&#8220;Der EES-Wert der Unfallbesch\u00e4digungen an einem PKW stellt eine technische Gr\u00f6\u00dfe da, welche es erm\u00f6glich die Berechnungen der Unfallrekonstruktion zu pr\u00fcfen.<br \/>\nDer EES-Wert nimmt an verschiedenen Karosseriebaugruppen und deren Besch\u00e4digungen einen anderen EES-Wert an. Wie im Beispiel aufgezeigt unterscheiden sich die visuellen Besch\u00e4digungen der Fahrzeugbesch\u00e4digungen. Der EES Wert ist bei beiden Fahrzeugen gleich gro\u00df.&#8220;][\/vc_column][\/vc_row]<\/p>\n","protected":false},"excerpt":{"rendered":"<p>[vc_row][vc_column][vc_column_text] Unfall EES Wert Der Unfallanalytiker verwendet zur Berechnung der Kollisionsgeschwindigkeiten oft den EES-Wert (Energy Equivalent Speed). Man erh\u00e4lt den EES \u2013 Wert dadurch, dass Fahrzeuge gegen starre Hindernisse (Crashtestversuche) gefahren werden, die \u00e4hnliche Verformungen ausl\u00f6sen, wie sie bei realen Unf\u00e4llen\u00a0entstehen. Die Geschwindigkeit bei diesen Anst\u00f6\u00dfen wird gemessen. Gem\u00e4\u00df Definition \u00a0des EES\u00a0handelt es sich um&hellip;<\/p>\n","protected":false},"author":1,"featured_media":0,"parent":0,"menu_order":0,"comment_status":"closed","ping_status":"closed","template":"","meta":{"footnotes":""},"class_list":["post-14516","page","type-page","status-publish","hentry","description-off"],"yoast_head":"<!-- This site is optimized with the Yoast SEO Premium plugin v24.9 (Yoast SEO v24.9) - https:\/\/yoast.com\/wordpress\/plugins\/seo\/ -->\n<title>Unfall EES Wert - KFZ Gutachter Unfallforensik, unfallanalytisches Gutachten, Unfallanalyse, Sachverst\u00e4ndiger, Unfallrekonstruktion<\/title>\n<meta name=\"robots\" content=\"index, follow, max-snippet:-1, max-image-preview:large, max-video-preview:-1\" \/>\n<link rel=\"canonical\" href=\"https:\/\/unfallforensik.com\/kfz\/unfall-ees-wert\/\" \/>\n<meta property=\"og:locale\" content=\"de_DE\" \/>\n<meta property=\"og:type\" content=\"article\" \/>\n<meta property=\"og:title\" content=\"Unfall EES Wert - mittels eines Unfallbildes zur Unfallrekonstruktion\" \/>\n<meta property=\"og:description\" content=\"Wie aus Unfallbildern mittels k\u00fcnstlicher Intelligenz Verkehrsunf\u00e4lle rekonstruiert werden k\u00f6nnen.\" \/>\n<meta property=\"og:url\" content=\"https:\/\/unfallforensik.com\/kfz\/unfall-ees-wert\/\" \/>\n<meta property=\"og:site_name\" content=\"KFZ Gutachter Unfallforensik, unfallanalytisches Gutachten, Unfallanalyse, Sachverst\u00e4ndiger, Unfallrekonstruktion\" \/>\n<meta property=\"article:modified_time\" content=\"2020-06-15T14:03:56+00:00\" \/>\n<meta property=\"og:image\" content=\"https:\/\/unfallforensik.com\/kfz\/wp-content\/uploads\/2020\/04\/fb_ees_wert.jpg\" \/>\n\t<meta property=\"og:image:width\" content=\"800\" \/>\n\t<meta property=\"og:image:height\" content=\"533\" \/>\n\t<meta property=\"og:image:type\" content=\"image\/jpeg\" \/>\n<meta name=\"twitter:card\" content=\"summary_large_image\" \/>\n<meta name=\"twitter:title\" content=\"Unfall EES Wert\" \/>\n<meta name=\"twitter:label1\" content=\"Gesch\u00e4tzte Lesezeit\" \/>\n\t<meta name=\"twitter:data1\" content=\"5\u00a0Minuten\" \/>\n<script type=\"application\/ld+json\" class=\"yoast-schema-graph\">{\"@context\":\"https:\/\/schema.org\",\"@graph\":[{\"@type\":\"WebPage\",\"@id\":\"https:\/\/unfallforensik.com\/kfz\/unfall-ees-wert\/\",\"url\":\"https:\/\/unfallforensik.com\/kfz\/unfall-ees-wert\/\",\"name\":\"Unfall EES Wert - KFZ Gutachter Unfallforensik, unfallanalytisches Gutachten, Unfallanalyse, Sachverst\u00e4ndiger, Unfallrekonstruktion\",\"isPartOf\":{\"@id\":\"https:\/\/unfallforensik.com\/kfz\/#website\"},\"datePublished\":\"2020-04-11T07:53:37+00:00\",\"dateModified\":\"2020-06-15T14:03:56+00:00\",\"breadcrumb\":{\"@id\":\"https:\/\/unfallforensik.com\/kfz\/unfall-ees-wert\/#breadcrumb\"},\"inLanguage\":\"de\",\"potentialAction\":[{\"@type\":\"ReadAction\",\"target\":[\"https:\/\/unfallforensik.com\/kfz\/unfall-ees-wert\/\"]}]},{\"@type\":\"BreadcrumbList\",\"@id\":\"https:\/\/unfallforensik.com\/kfz\/unfall-ees-wert\/#breadcrumb\",\"itemListElement\":[{\"@type\":\"ListItem\",\"position\":1,\"name\":\"Home\",\"item\":\"https:\/\/unfallforensik.com\/kfz\/\"},{\"@type\":\"ListItem\",\"position\":2,\"name\":\"Unfall EES Wert\"}]},{\"@type\":\"WebSite\",\"@id\":\"https:\/\/unfallforensik.com\/kfz\/#website\",\"url\":\"https:\/\/unfallforensik.com\/kfz\/\",\"name\":\"KFZ Gutachter Unfallforensik, unfallanalytisches Gutachten, Unfallanalyse, Sachverst\u00e4ndiger, Unfallrekonstruktion\",\"description\":\"KFZ Gutachter,Unfallschaden,Unfallrekonstruktion,unfallanalytisches Verfahren\",\"publisher\":{\"@id\":\"https:\/\/unfallforensik.com\/kfz\/#organization\"},\"potentialAction\":[{\"@type\":\"SearchAction\",\"target\":{\"@type\":\"EntryPoint\",\"urlTemplate\":\"https:\/\/unfallforensik.com\/kfz\/?s={search_term_string}\"},\"query-input\":{\"@type\":\"PropertyValueSpecification\",\"valueRequired\":true,\"valueName\":\"search_term_string\"}}],\"inLanguage\":\"de\"},{\"@type\":\"Organization\",\"@id\":\"https:\/\/unfallforensik.com\/kfz\/#organization\",\"name\":\"KFZ Gutachter Unfallforensik, unfallanalytisches Gutachten, Unfallanalyse, Sachverst\u00e4ndiger, Unfallrekonstruktion\",\"url\":\"https:\/\/unfallforensik.com\/kfz\/\",\"logo\":{\"@type\":\"ImageObject\",\"inLanguage\":\"de\",\"@id\":\"https:\/\/unfallforensik.com\/kfz\/#\/schema\/logo\/image\/\",\"url\":\"https:\/\/unfallforensik.com\/kfz\/wp-content\/uploads\/2022\/05\/logo57.png\",\"contentUrl\":\"https:\/\/unfallforensik.com\/kfz\/wp-content\/uploads\/2022\/05\/logo57.png\",\"width\":57,\"height\":57,\"caption\":\"KFZ Gutachter Unfallforensik, unfallanalytisches Gutachten, Unfallanalyse, Sachverst\u00e4ndiger, Unfallrekonstruktion\"},\"image\":{\"@id\":\"https:\/\/unfallforensik.com\/kfz\/#\/schema\/logo\/image\/\"}}]}<\/script>\n<!-- \/ Yoast SEO Premium plugin. -->","yoast_head_json":{"title":"Unfall EES Wert - KFZ Gutachter Unfallforensik, unfallanalytisches Gutachten, Unfallanalyse, Sachverst\u00e4ndiger, Unfallrekonstruktion","robots":{"index":"index","follow":"follow","max-snippet":"max-snippet:-1","max-image-preview":"max-image-preview:large","max-video-preview":"max-video-preview:-1"},"canonical":"https:\/\/unfallforensik.com\/kfz\/unfall-ees-wert\/","og_locale":"de_DE","og_type":"article","og_title":"Unfall EES Wert - mittels eines Unfallbildes zur Unfallrekonstruktion","og_description":"Wie aus Unfallbildern mittels k\u00fcnstlicher Intelligenz Verkehrsunf\u00e4lle rekonstruiert werden k\u00f6nnen.","og_url":"https:\/\/unfallforensik.com\/kfz\/unfall-ees-wert\/","og_site_name":"KFZ Gutachter Unfallforensik, unfallanalytisches Gutachten, Unfallanalyse, Sachverst\u00e4ndiger, Unfallrekonstruktion","article_modified_time":"2020-06-15T14:03:56+00:00","og_image":[{"width":800,"height":533,"url":"https:\/\/unfallforensik.com\/kfz\/wp-content\/uploads\/2020\/04\/fb_ees_wert.jpg","type":"image\/jpeg"}],"twitter_card":"summary_large_image","twitter_title":"Unfall EES Wert","twitter_misc":{"Gesch\u00e4tzte Lesezeit":"5\u00a0Minuten"},"schema":{"@context":"https:\/\/schema.org","@graph":[{"@type":"WebPage","@id":"https:\/\/unfallforensik.com\/kfz\/unfall-ees-wert\/","url":"https:\/\/unfallforensik.com\/kfz\/unfall-ees-wert\/","name":"Unfall EES Wert - KFZ Gutachter Unfallforensik, unfallanalytisches Gutachten, Unfallanalyse, Sachverst\u00e4ndiger, Unfallrekonstruktion","isPartOf":{"@id":"https:\/\/unfallforensik.com\/kfz\/#website"},"datePublished":"2020-04-11T07:53:37+00:00","dateModified":"2020-06-15T14:03:56+00:00","breadcrumb":{"@id":"https:\/\/unfallforensik.com\/kfz\/unfall-ees-wert\/#breadcrumb"},"inLanguage":"de","potentialAction":[{"@type":"ReadAction","target":["https:\/\/unfallforensik.com\/kfz\/unfall-ees-wert\/"]}]},{"@type":"BreadcrumbList","@id":"https:\/\/unfallforensik.com\/kfz\/unfall-ees-wert\/#breadcrumb","itemListElement":[{"@type":"ListItem","position":1,"name":"Home","item":"https:\/\/unfallforensik.com\/kfz\/"},{"@type":"ListItem","position":2,"name":"Unfall EES Wert"}]},{"@type":"WebSite","@id":"https:\/\/unfallforensik.com\/kfz\/#website","url":"https:\/\/unfallforensik.com\/kfz\/","name":"KFZ Gutachter Unfallforensik, unfallanalytisches Gutachten, Unfallanalyse, Sachverst\u00e4ndiger, Unfallrekonstruktion","description":"KFZ Gutachter,Unfallschaden,Unfallrekonstruktion,unfallanalytisches Verfahren","publisher":{"@id":"https:\/\/unfallforensik.com\/kfz\/#organization"},"potentialAction":[{"@type":"SearchAction","target":{"@type":"EntryPoint","urlTemplate":"https:\/\/unfallforensik.com\/kfz\/?s={search_term_string}"},"query-input":{"@type":"PropertyValueSpecification","valueRequired":true,"valueName":"search_term_string"}}],"inLanguage":"de"},{"@type":"Organization","@id":"https:\/\/unfallforensik.com\/kfz\/#organization","name":"KFZ Gutachter Unfallforensik, unfallanalytisches Gutachten, Unfallanalyse, Sachverst\u00e4ndiger, Unfallrekonstruktion","url":"https:\/\/unfallforensik.com\/kfz\/","logo":{"@type":"ImageObject","inLanguage":"de","@id":"https:\/\/unfallforensik.com\/kfz\/#\/schema\/logo\/image\/","url":"https:\/\/unfallforensik.com\/kfz\/wp-content\/uploads\/2022\/05\/logo57.png","contentUrl":"https:\/\/unfallforensik.com\/kfz\/wp-content\/uploads\/2022\/05\/logo57.png","width":57,"height":57,"caption":"KFZ Gutachter Unfallforensik, unfallanalytisches Gutachten, Unfallanalyse, Sachverst\u00e4ndiger, Unfallrekonstruktion"},"image":{"@id":"https:\/\/unfallforensik.com\/kfz\/#\/schema\/logo\/image\/"}}]}},"_links":{"self":[{"href":"https:\/\/unfallforensik.com\/kfz\/wp-json\/wp\/v2\/pages\/14516","targetHints":{"allow":["GET"]}}],"collection":[{"href":"https:\/\/unfallforensik.com\/kfz\/wp-json\/wp\/v2\/pages"}],"about":[{"href":"https:\/\/unfallforensik.com\/kfz\/wp-json\/wp\/v2\/types\/page"}],"author":[{"embeddable":true,"href":"https:\/\/unfallforensik.com\/kfz\/wp-json\/wp\/v2\/users\/1"}],"replies":[{"embeddable":true,"href":"https:\/\/unfallforensik.com\/kfz\/wp-json\/wp\/v2\/comments?post=14516"}],"version-history":[{"count":0,"href":"https:\/\/unfallforensik.com\/kfz\/wp-json\/wp\/v2\/pages\/14516\/revisions"}],"wp:attachment":[{"href":"https:\/\/unfallforensik.com\/kfz\/wp-json\/wp\/v2\/media?parent=14516"}],"curies":[{"name":"wp","href":"https:\/\/api.w.org\/{rel}","templated":true}]}}