{"id":14284,"date":"2020-01-01T11:45:58","date_gmt":"2020-01-01T10:45:58","guid":{"rendered":"http:\/\/unfallforensik.com\/kfz\/?page_id=14284"},"modified":"2020-06-02T12:42:29","modified_gmt":"2020-06-02T10:42:29","slug":"gegengutachten-strafverfahren","status":"publish","type":"page","link":"https:\/\/unfallforensik.com\/kfz\/gegengutachten-strafverfahren\/","title":{"rendered":"Gegengutachten Strafverfahren"},"content":{"rendered":"<p>[vc_row][vc_column][maxtitle maxtitle_content=&#8220;Gegengutachten Strafverfahren&#8220;][vc_column_text]Bei einem schwerem Verkehrsunfall beauftragt die <a href=\"https:\/\/unfallforensik.com\/kfz\/fahrlaessige-koerperverletzung-nach-verkehrsunfall\/\">Polizei bzw. Staatsanwaltschaft<\/a> einen Sachverst\u00e4ndigen, um den Verkehrsunfall zu rekonstruieren.<\/p>\n<p>Die <a href=\"https:\/\/unfallforensik.com\/kfz\/dekra-gutachten-anfechten\/\">Sachverst\u00e4ndigen<\/a> erstellen gegen den Beschuldigten ein <a href=\"https:\/\/unfallforensik.com\/kfz\/unfall-rennradfahrer-b158\/\">Gutachten<\/a>, damit es zur Anklage kommt. Mit einem <a href=\"https:\/\/unfallforensik.com\/kfz\/gerichtliches-gutachten-anzweifeln\/\">Verkehrsgutachten<\/a> im Strafproze\u00df sollten Sie sich keineswegs zufrieden geben. Lassen Sie ein qualifiziertes Privatgutachten in Form eines <a href=\"https:\/\/unfallforensik.com\/kfz\/einwendungen-gutachten-unfall\/\">Gegengutachtens<\/a> erstellen oder ziehen sie einen <a href=\"https:\/\/unfallforensik.com\/kfz\/vermeidbarkeit-unfall-rechtsfrage\/\">Sachverst\u00e4ndigen<\/a> zur Unterst\u00fctzung der Verteidigung heran.[\/vc_column_text][tooltip tooltiptext=&#8220;Gutachten der Staatsanwaltschaft&#8220; tooltip_content=&#8220;Die beauftragten Gutachten der Polizei und Staatsanwaltschaft stellen den Unfall da, aber besch\u00e4ftigen sich selten mit einer Vermeidbarkeitsbetrachtung. Bei Verkehrsstrafverfahren ist die Frage der Vermeidbarkeit des Verkehrsunfalls die Schl\u00fcsselfrage.&#8220;][\/vc_column][\/vc_row][vc_row][vc_column width=&#8220;1\/3&#8243;][vc_single_image image=&#8220;14295&#8243; img_size=&#8220;full&#8220;][\/vc_column][vc_column width=&#8220;2\/3&#8243;][vc_column_text]<strong><span style=\"color: #0000ff;\">So ist die g\u00e4ngige Praxis&#8230;.<\/span><\/strong><\/p>\n<p><span style=\"color: #0000ff;\">Bei einem Verkehrsunfall mit schweren Verletzungen oder sogar Todesfolge wird seitens der Polizei ein Sachverst\u00e4ndiger an den Unfallort gerufen. Der Sachverst\u00e4ndige sch\u00f6pft sein sp\u00e4teren Gutachteninhalt selten aus den Ankn\u00fcpfungstatsachen des passierten Verkehrsunfalles. Meist ist dieser in der technischen Ausstattung gegen\u00fcber der Polizei unterlegen. Erst ein paar Tage sp\u00e4ter wird der Sachverst\u00e4ndige offiziell von der Staatsanwaltschaft beauftragt.<\/span><\/p>\n<p><span style=\"color: #0000ff;\">Die Kosten des Gutachtens werden im vollem Umfang von der Justizkasse vorgestreckt. F\u00fcr den Sachverst\u00e4ndigen gibt es keine M\u00f6glichkeit mit einfachen Worten den Unfallhergang zu erkl\u00e4ren. Es muss ein vollst\u00e4ndiges Gutachten erstattet werden, da dieses Gutachten verschiedene juristische Etappen stand halten muss.<\/span><\/p>\n<p><span style=\"color: #0000ff;\">Ein Gutachten zum Nachteil gegen den Schwerverletzen oder sogar Get\u00f6teten ist moralisch nicht gegeben, zudem m\u00fcssen die Gutachtenkosten von einem Unfallbeteiligten getragen werden, da die Justizkasse diese nur bevorschusst hat.<\/span><\/p>\n<p><strong><span style=\"color: #ff0000;\">Es liegt also sehr nahe, wo die Schuldfrage gesucht wird.<\/span><\/strong>[\/vc_column_text][\/vc_column][\/vc_row][vc_row][vc_column width=&#8220;2\/3&#8243;][vc_column_text]Gem\u00e4\u00df\u00a0\u00a7\u00a073 Abs.\u00a02 StPO\u00a0sollen grunds\u00e4tzlich \u00f6ffentlich bestellte Sachverst\u00e4ndige ausgew\u00e4hlt werden. Wird der Sachverst\u00e4ndige bereits im Ermittlungsverfahren bestellt, so muss die Staatsanwaltschaft Nr.\u00a070\u00a0I RiStBV beachten. Danach ist dem Verteidiger Gelegenheit zu geben, vor der Auswahl eines Sachverst\u00e4ndigen Stellung zu nehmen, es sei denn, dass es sich um einen h\u00e4ufig wiederkehrenden, tats\u00e4chlich gleichartigen Sachverhalt (z.B. Blutalkoholgutachten) handelt.<\/p>\n<p><strong>An dieser Stelle passiert meist der Fehler Nr.1. Anstatt den Sachverst\u00e4ndigen der Staatsanwaltschaft abzulehnen, werden dem Sachverst\u00e4ndigen Nachfragen gestellt. Man kann nicht davon ausgehen, das ihre Nachfragen das Gutachten ersch\u00fcttern k\u00f6nnen. Stattdessen lassen Sie sich auf das Gutachten ein. Besser ist es, das Gutachten der Staatsanwaltschaft als fehlerhaft und parteiisch zum Nachteil des Beschuldigten zu verwerfen und stattdessen ein Gegengutachten einzuholen.<\/strong><\/p>\n<p>Von der Gelegenheit zur Stellungnahme kann abgesehen werden, wenn eine Gef\u00e4hrdung des Untersuchungszwecks bzw. eine Verz\u00f6gerung des Verfahrens droht.[\/vc_column_text][\/vc_column][vc_column width=&#8220;1\/3&#8243;][vc_single_image image=&#8220;14287&#8243; img_size=&#8220;full&#8220;][\/vc_column][\/vc_row][vc_row][vc_column width=&#8220;1\/3&#8243;][vc_single_image image=&#8220;14288&#8243; img_size=&#8220;full&#8220;][\/vc_column][vc_column width=&#8220;2\/3&#8243;][vc_column_text]<\/p>\n<h4>Die Suche nach den richtigen Sachverst\u00e4ndigen im Strafverfahren<\/h4>\n<p>Viele gegen davon aus, das in einem Ermittlungsverfahren und Strafverfahren der Sachverst\u00e4ndige auch in ihrem Interesse arbeitet<\/p>\n<p><strong>Das ist <span style=\"color: #ff0000;\">falsch<\/span>, den gerade im m\u00fcndlichen Verhandlungen des Strafverfahrens kann sich das Blatt \u00e4ndern und der Sachverst\u00e4ndige erl\u00e4utert zum Nachteil des Beschuldigten.<\/strong><\/p>\n<p>Ein <a href=\"https:\/\/unfallforensik.com\/kfz\/unfall-rennradfahrer-b158\/\">Gegengutachten im Strafverfahren<\/a> muss daher immer als qualifiziertes Privatgutachten erfolgen und den vorgeworfenen Tatbestand ersch\u00f6pfend und sachlich ersch\u00fcttern.[\/vc_column_text][\/vc_column][\/vc_row][vc_row][vc_column][vc_message]Nach \u00a7 161 a Abs. 1 Satz 1 StPO ist der Sachverst\u00e4ndige verpflichtet, auf Ladung vor der Staatsanwaltschaft zu erscheinen und sein Gutachten zu erstatten. Weil nach \u00a7 161 a Abs. 1 Satz 2 StPO die allgemeinen Vorschriften \u00fcber den Sachverst\u00e4ndigenbeweis gelten, besteht diese Pflicht jedoch nur im Rahmen des \u00a7 75 StPO, d.h. soweit der Sachverst\u00e4ndige \u00f6ffentlich bestellt ist oder wenn er die Wissenschaft, die Kunst oder das Gewerbe, deren Kenntnis Voraussetzung der Begutachtung ist, \u00f6ffentlich zum Erwerb aus\u00fcbt oder wenn er zu ihrer Aus\u00fcbung \u00f6ffentlich bestellt oder erm\u00e4chtigt ist oder sich zur Erstattung des Gutachtens bereit erkl\u00e4rt hat.<\/p>\n<p align=\"left\"><span style=\"font-size: medium;\">Die Einsicht in Sachverst\u00e4ndigengutachten darf dem Verteidiger in keiner Lage des Verfahrens &#8211; also auch nicht im Ermittlungsverfahren &#8211; versagt werden (\u00a7 147 Abs. 3 StPO), selbst wenn ihm im \u00fcbrigen nach dem Verfahrensstand noch keine Akteneinsicht zu gew\u00e4hren ist. Diese fr\u00fchzeitige Einsicht soll dem Verteidiger erm\u00f6glichen, Gutachten kritisch zu \u00fcberpr\u00fcfen, Erg\u00e4nzungen zu verlangen, etwaige weitere sachverst\u00e4ndige \u00c4u\u00dferungen zu beantragen oder selbst beizubringen.<\/span><\/p>\n<p align=\"left\"><span style=\"font-size: medium;\">Die von der Staatsanwaltschaft (oder der Polizei) im Ermittlungsverfahren hinzugezogenen Sachverst\u00e4ndigen k\u00f6nnen erst in der Hauptverhandlung wegen Besorgnis der Befangenheit abgelehnt werden.<\/span><\/p>\n<p align=\"left\">Der im Ermittlungsverfahren t\u00e4tig gewordene Sachverst\u00e4ndige wird regelm\u00e4\u00dfig in der Anklageschrift der Staatsanwaltschaft als Beweismittel angef\u00fchrt und in den allermeisten F\u00e4llen auch vom Gericht zur Hauptverhandlung geladen. Der von der Staatsanwaltschaft beauftragte Sachverst\u00e4ndige ist daher in der Regel auch der Gutachter des Gerichts in der Hauptverhandlung. Hierin liegt\u00a0<i>ein\u00a0<\/i>Grund daf\u00fcr, da\u00df die entscheidenden Weichen f\u00fcr die Hauptverhandlung im Ermittlungsverfahren gestellt werden. Es kommt hinzu, da\u00df \u00fcberwiegend die Meinung vertreten wird, da\u00df ein Sachverst\u00e4ndiger in der Hauptverhandlung nicht deswegen als besorgnisbefangen abgelehnt werden kann, weil er bereits im Ermittlungsverfahren in derselben Sache von der Staatsanwaltschaft herangezogen worden war, es sei denn, da\u00df er die Durchf\u00fchrung von Ermittlungen f\u00fcr die Strafverfolgungsbeh\u00f6rden \u00fcbernommen hatte.<\/p>\n<p>[\/vc_message][\/vc_column][vc_column][\/vc_column][\/vc_row][vc_row][vc_column][vc_column_text]<span style=\"font-size: medium;\">Viele Verteidiger scheinen auf die Beteiligung an der Auswahl des Sachverst\u00e4ndigen zu verzichten, um sich die Freiheit zu erhalten, sp\u00e4ter dessen Gutachten anzugreifen<\/span><span style=\"font-size: medium;\">.<\/span><\/p>\n<p><span style=\"font-size: medium;\"> <strong>Doch ist diese Taktik immer richtig ?<\/strong> <\/span><\/p>\n<p><span style=\"font-size: medium;\">Gerade weil die StPO f\u00fcr die Verteidigung keine formellen \u00dcberwachungsrechte vorsieht, um die Gutachtenerstellung durch den Sachverst\u00e4ndigen zu kontrollieren, sollten die Interventionen im informellen Programm genutzt werden. Sie reichen von der Weigerung des Mandanten, aktiv an der Exploration mitzuwirken, bis hin zur Ank\u00fcndigung, den Mandanten zur Untersuchung durch den Sachverst\u00e4ndigen zu begleiten und damit zu unterbinden, da\u00df es zu unzul\u00e4ssigen Untersuchungen kommt<\/span><span style=\"font-size: medium;\">. Nicht in dem sp\u00e4ten Bem\u00fchen, Unrichtigkeiten oder Widerspr\u00fcche im Gutachten aufzusp\u00fcren und offenzulegen, liegt die beste Chance der Verteidigung, sondern in dem Versuch, so fr\u00fchzeitig wie m\u00f6glich Einflu\u00df auf die Qualit\u00e4t der Person des Sachverst\u00e4ndigen zu nehmen. Gerade der Sachverst\u00e4ndigenbeweis kann Umst\u00e4nde zutage f\u00f6rdern, die dem Sachverstand der Strafverfolgungsbeh\u00f6rden entgangen sind und der Verteidigung ungeahnte M\u00f6glichkeiten bieten.<\/span>[\/vc_column_text][vc_column_text]<span style=\"font-size: medium;\">Die Auswahl des Sachverst\u00e4ndigen ist als eine Schl\u00fcsselentscheidung des Strafverfahrens markiert, ist die beschriebene Kompetenz der Staatsanwaltschaft im Ermittlungsverfahren mehr als problematisch. Der Angeklagte mu\u00df regelm\u00e4\u00dfig damit rechnen, da\u00df er in der Hauptverhandlung einem Sachverst\u00e4ndigen gegen\u00fcber steht, auf dessen Bestellung er keinen Einflu\u00df hatte und dessen Auswahl durch die Staatsanwaltschaft ihm keinen Ablehnungsgrund bietet. Das Selbstladungsrecht \u00fcber die \u00a7\u00a7 245,220, 38 StPO gew\u00e4hrt kein ausreichendes Gegengewicht. Ebensowenig kompensiert \u00a7 244 Abs. 4 StPO mit dem Antrag, einen <i>weiteren\u00a0<\/i>Sachverst\u00e4ndigen hinzuzuziehen<\/span><span style=\"font-size: medium;\">. Diese Position der Staatsanwaltschaft widerstreitet auch der Intention des \u00a7 73 StPO, der die Neutralit\u00e4t des Sachverst\u00e4ndigen garantieren sollte. Schon bei der Schaffung der StPO war bekannt, da\u00df wegen der Methoden- und Meinungspluralit\u00e4t in der Wissenschaft der Person des Sachverst\u00e4ndigen ma\u00df-gebende Bedeutung zukam. Einer durch die prozessuale Rolle als Staatsanwalt oder Verteidiger gepr\u00e4gten interessengebundenen Sachverst\u00e4ndigenwahl sollte mit \u00a7 73 StPO begegnet werden.<\/span>[\/vc_column_text][vc_column_text]<strong>Ein wiederkehrender Fehler der Verteidigung ist die Nachfrage an den Sachverst\u00e4ndigen.<\/strong> Hier werden unklare Fragen zum Gutachten vom Verteidiger konkretisiert. Gerade im Verkehrsstrafrecht werden anhand von Ankn\u00fcpfungstatsachen Unfallszenario, also eine f\u00fcr Laien nicht pr\u00fcfbare Theorie, erstattet. Mit den Nachfragen des Verteidigers werden erfahrungsgem\u00e4\u00df selten entlastende Umst\u00e4nde erkl\u00e4rt. Stattdessen involviert man den Sachverst\u00e4ndigen in die Verteidigung mit ein.<\/p>\n<p><strong>So sollten sie die Nachfragen an den Sachverst\u00e4ndigen stellen !!!<\/strong><\/p>\n<p>Die Fragen der Verteidigung sollten nicht dazu dienen einzelne unklare Sachverhalte der Unfallrekonstruktion n\u00e4her zu beleuchten und ggf. den Beschuldigten tiefer in den Strafvorwurf zu verstricken.<\/p>\n<p>Die Nachfragen sollten so gestaltet werden, das der Sachverst\u00e4ndige einen komplizierten technischen Zusammenhang nicht erkl\u00e4ren kann. Es muss also keine Fragestellung sein, sondern eine hochkomplizierte physikalische, geometrische oder mathematische Aufgabenstellung.<\/p>\n<p>Letztendlich sollte die Frage darauf hinzielen, nicht den Beschuldigten etwas aus dem Gutachten zu erl\u00e4utern, sondern vielmehr die fachliche Qualifikation des Sachverst\u00e4ndigen anzugreifen. Hier sind einfache physikalische, mathematische oder geometrische Aufgabenstellungen vorzuziehen.[\/vc_column_text][\/vc_column][\/vc_row][vc_row][vc_column][tooltip tooltiptext=&#8220;Daher meine Empfehlung&#8220; tooltip_content=&#8220;Bei einem schwerem Verkehrsunfall sollten Sie bereits nach dem Verkehrsunfall einen Sachverst\u00e4ndigen f\u00fcr die Beweissicherung beauftragen. Dieser kann bereits im Ermittlungsverfahren f\u00fcr ein entsprechendes Gleichgewicht sorgen.<\/p>\n<p>Bei einem Strafverfahren z.B. wegen fahrl\u00e4ssiger T\u00f6tung nach einem Verkehrsunfall haben Sie nur die Chance durch ein Gegengutachten Ihre Unschuld zu beweisen. Naivit\u00e4t zum bestehenden Gutachten und fehlende Gegenargumentationen durch ein Gegengutachten werden im Strafverfahren werden mitbestraft.&#8220;][\/vc_column][\/vc_row]<\/p>\n","protected":false},"excerpt":{"rendered":"<p>[vc_row][vc_column][maxtitle maxtitle_content=&#8220;Gegengutachten Strafverfahren&#8220;][vc_column_text]Bei einem schwerem Verkehrsunfall beauftragt die Polizei bzw. Staatsanwaltschaft einen Sachverst\u00e4ndigen, um den Verkehrsunfall zu rekonstruieren. Die Sachverst\u00e4ndigen erstellen gegen den Beschuldigten ein Gutachten, damit es zur Anklage kommt. Mit einem Verkehrsgutachten im Strafproze\u00df sollten Sie sich keineswegs zufrieden geben. Lassen Sie ein qualifiziertes Privatgutachten in Form eines Gegengutachtens erstellen oder ziehen sie&hellip;<\/p>\n","protected":false},"author":1,"featured_media":14295,"parent":0,"menu_order":0,"comment_status":"closed","ping_status":"closed","template":"","meta":{"footnotes":""},"class_list":["post-14284","page","type-page","status-publish","has-post-thumbnail","hentry","description-off"],"yoast_head":"<!-- This site is optimized with the Yoast SEO Premium plugin v24.9 (Yoast SEO v24.9) - https:\/\/yoast.com\/wordpress\/plugins\/seo\/ -->\n<title>Gegengutachten Strafverfahren Gutachten Strafprozess Verkehrsstrafrecht<\/title>\n<meta name=\"description\" content=\"Gegengutachten Strafverfahren Ermittlungsverfahren, Strafproze\u00df u. Gerichtsproze\u00df im Verkehrsstrafrecht, Sachverst\u00e4ndiger Gegengutachten\" \/>\n<meta name=\"robots\" content=\"index, follow, max-snippet:-1, max-image-preview:large, max-video-preview:-1\" \/>\n<link rel=\"canonical\" href=\"https:\/\/unfallforensik.com\/kfz\/gegengutachten-strafverfahren\/\" \/>\n<meta property=\"og:locale\" content=\"de_DE\" \/>\n<meta property=\"og:type\" content=\"article\" \/>\n<meta property=\"og:title\" content=\"Strafprozess wegen fahrl\u00e4ssigen Totschlags nach einem Verkehrsunfall\" \/>\n<meta property=\"og:description\" content=\"Fahrl\u00e4ssiger Totschlag nach einem Verkehrsunfall wird bis zu 5 Jahre Haft bestraft. Doch sind die Ermittlungen der Staatsanwaltschaft immer richtig ? Hat der Sachverst\u00e4ndige auch entlastende Umst\u00e4nde ermittelt ?\" \/>\n<meta property=\"og:url\" content=\"https:\/\/unfallforensik.com\/kfz\/gegengutachten-strafverfahren\/\" \/>\n<meta property=\"og:site_name\" content=\"KFZ Gutachter Unfallforensik, unfallanalytisches Gutachten, Unfallanalyse, Sachverst\u00e4ndiger, Unfallrekonstruktion\" \/>\n<meta property=\"article:modified_time\" content=\"2020-06-02T10:42:29+00:00\" \/>\n<meta property=\"og:image\" content=\"https:\/\/unfallforensik.com\/kfz\/wp-content\/uploads\/2020\/01\/gegengutachten_strafverfahren.jpg\" \/>\n\t<meta property=\"og:image:width\" content=\"1200\" \/>\n\t<meta property=\"og:image:height\" content=\"800\" \/>\n\t<meta property=\"og:image:type\" content=\"image\/jpeg\" \/>\n<meta name=\"twitter:card\" content=\"summary_large_image\" \/>\n<meta name=\"twitter:title\" content=\"Gegengutachten Strafverfahren\" \/>\n<meta name=\"twitter:label1\" content=\"Gesch\u00e4tzte Lesezeit\" \/>\n\t<meta name=\"twitter:data1\" content=\"8\u00a0Minuten\" \/>\n<script type=\"application\/ld+json\" class=\"yoast-schema-graph\">{\"@context\":\"https:\/\/schema.org\",\"@graph\":[{\"@type\":\"WebPage\",\"@id\":\"https:\/\/unfallforensik.com\/kfz\/gegengutachten-strafverfahren\/\",\"url\":\"https:\/\/unfallforensik.com\/kfz\/gegengutachten-strafverfahren\/\",\"name\":\"Gegengutachten Strafverfahren Gutachten Strafprozess Verkehrsstrafrecht\",\"isPartOf\":{\"@id\":\"https:\/\/unfallforensik.com\/kfz\/#website\"},\"primaryImageOfPage\":{\"@id\":\"https:\/\/unfallforensik.com\/kfz\/gegengutachten-strafverfahren\/#primaryimage\"},\"image\":{\"@id\":\"https:\/\/unfallforensik.com\/kfz\/gegengutachten-strafverfahren\/#primaryimage\"},\"thumbnailUrl\":\"https:\/\/unfallforensik.com\/kfz\/wp-content\/uploads\/2020\/01\/gegengutachten_strafverfahren.jpg\",\"datePublished\":\"2020-01-01T10:45:58+00:00\",\"dateModified\":\"2020-06-02T10:42:29+00:00\",\"description\":\"Gegengutachten Strafverfahren Ermittlungsverfahren, Strafproze\u00df u. Gerichtsproze\u00df im Verkehrsstrafrecht, Sachverst\u00e4ndiger Gegengutachten\",\"breadcrumb\":{\"@id\":\"https:\/\/unfallforensik.com\/kfz\/gegengutachten-strafverfahren\/#breadcrumb\"},\"inLanguage\":\"de\",\"potentialAction\":[{\"@type\":\"ReadAction\",\"target\":[\"https:\/\/unfallforensik.com\/kfz\/gegengutachten-strafverfahren\/\"]}]},{\"@type\":\"ImageObject\",\"inLanguage\":\"de\",\"@id\":\"https:\/\/unfallforensik.com\/kfz\/gegengutachten-strafverfahren\/#primaryimage\",\"url\":\"https:\/\/unfallforensik.com\/kfz\/wp-content\/uploads\/2020\/01\/gegengutachten_strafverfahren.jpg\",\"contentUrl\":\"https:\/\/unfallforensik.com\/kfz\/wp-content\/uploads\/2020\/01\/gegengutachten_strafverfahren.jpg\",\"width\":1200,\"height\":800,\"caption\":\"gegengutachten Strafverfahren strafprozess ermittlungsverfahren\"},{\"@type\":\"BreadcrumbList\",\"@id\":\"https:\/\/unfallforensik.com\/kfz\/gegengutachten-strafverfahren\/#breadcrumb\",\"itemListElement\":[{\"@type\":\"ListItem\",\"position\":1,\"name\":\"Home\",\"item\":\"https:\/\/unfallforensik.com\/kfz\/\"},{\"@type\":\"ListItem\",\"position\":2,\"name\":\"Gegengutachten Strafverfahren\"}]},{\"@type\":\"WebSite\",\"@id\":\"https:\/\/unfallforensik.com\/kfz\/#website\",\"url\":\"https:\/\/unfallforensik.com\/kfz\/\",\"name\":\"KFZ Gutachter Unfallforensik, unfallanalytisches Gutachten, Unfallanalyse, Sachverst\u00e4ndiger, Unfallrekonstruktion\",\"description\":\"KFZ Gutachter,Unfallschaden,Unfallrekonstruktion,unfallanalytisches Verfahren\",\"publisher\":{\"@id\":\"https:\/\/unfallforensik.com\/kfz\/#organization\"},\"potentialAction\":[{\"@type\":\"SearchAction\",\"target\":{\"@type\":\"EntryPoint\",\"urlTemplate\":\"https:\/\/unfallforensik.com\/kfz\/?s={search_term_string}\"},\"query-input\":{\"@type\":\"PropertyValueSpecification\",\"valueRequired\":true,\"valueName\":\"search_term_string\"}}],\"inLanguage\":\"de\"},{\"@type\":\"Organization\",\"@id\":\"https:\/\/unfallforensik.com\/kfz\/#organization\",\"name\":\"KFZ Gutachter Unfallforensik, unfallanalytisches Gutachten, Unfallanalyse, Sachverst\u00e4ndiger, Unfallrekonstruktion\",\"url\":\"https:\/\/unfallforensik.com\/kfz\/\",\"logo\":{\"@type\":\"ImageObject\",\"inLanguage\":\"de\",\"@id\":\"https:\/\/unfallforensik.com\/kfz\/#\/schema\/logo\/image\/\",\"url\":\"https:\/\/unfallforensik.com\/kfz\/wp-content\/uploads\/2022\/05\/logo57.png\",\"contentUrl\":\"https:\/\/unfallforensik.com\/kfz\/wp-content\/uploads\/2022\/05\/logo57.png\",\"width\":57,\"height\":57,\"caption\":\"KFZ Gutachter Unfallforensik, unfallanalytisches Gutachten, Unfallanalyse, Sachverst\u00e4ndiger, Unfallrekonstruktion\"},\"image\":{\"@id\":\"https:\/\/unfallforensik.com\/kfz\/#\/schema\/logo\/image\/\"}}]}<\/script>\n<!-- \/ Yoast SEO Premium plugin. -->","yoast_head_json":{"title":"Gegengutachten Strafverfahren Gutachten Strafprozess Verkehrsstrafrecht","description":"Gegengutachten Strafverfahren Ermittlungsverfahren, Strafproze\u00df u. Gerichtsproze\u00df im Verkehrsstrafrecht, Sachverst\u00e4ndiger Gegengutachten","robots":{"index":"index","follow":"follow","max-snippet":"max-snippet:-1","max-image-preview":"max-image-preview:large","max-video-preview":"max-video-preview:-1"},"canonical":"https:\/\/unfallforensik.com\/kfz\/gegengutachten-strafverfahren\/","og_locale":"de_DE","og_type":"article","og_title":"Strafprozess wegen fahrl\u00e4ssigen Totschlags nach einem Verkehrsunfall","og_description":"Fahrl\u00e4ssiger Totschlag nach einem Verkehrsunfall wird bis zu 5 Jahre Haft bestraft. Doch sind die Ermittlungen der Staatsanwaltschaft immer richtig ? Hat der Sachverst\u00e4ndige auch entlastende Umst\u00e4nde ermittelt ?","og_url":"https:\/\/unfallforensik.com\/kfz\/gegengutachten-strafverfahren\/","og_site_name":"KFZ Gutachter Unfallforensik, unfallanalytisches Gutachten, Unfallanalyse, Sachverst\u00e4ndiger, Unfallrekonstruktion","article_modified_time":"2020-06-02T10:42:29+00:00","og_image":[{"width":1200,"height":800,"url":"https:\/\/unfallforensik.com\/kfz\/wp-content\/uploads\/2020\/01\/gegengutachten_strafverfahren.jpg","type":"image\/jpeg"}],"twitter_card":"summary_large_image","twitter_title":"Gegengutachten Strafverfahren","twitter_misc":{"Gesch\u00e4tzte Lesezeit":"8\u00a0Minuten"},"schema":{"@context":"https:\/\/schema.org","@graph":[{"@type":"WebPage","@id":"https:\/\/unfallforensik.com\/kfz\/gegengutachten-strafverfahren\/","url":"https:\/\/unfallforensik.com\/kfz\/gegengutachten-strafverfahren\/","name":"Gegengutachten Strafverfahren Gutachten Strafprozess Verkehrsstrafrecht","isPartOf":{"@id":"https:\/\/unfallforensik.com\/kfz\/#website"},"primaryImageOfPage":{"@id":"https:\/\/unfallforensik.com\/kfz\/gegengutachten-strafverfahren\/#primaryimage"},"image":{"@id":"https:\/\/unfallforensik.com\/kfz\/gegengutachten-strafverfahren\/#primaryimage"},"thumbnailUrl":"https:\/\/unfallforensik.com\/kfz\/wp-content\/uploads\/2020\/01\/gegengutachten_strafverfahren.jpg","datePublished":"2020-01-01T10:45:58+00:00","dateModified":"2020-06-02T10:42:29+00:00","description":"Gegengutachten Strafverfahren Ermittlungsverfahren, Strafproze\u00df u. Gerichtsproze\u00df im Verkehrsstrafrecht, Sachverst\u00e4ndiger Gegengutachten","breadcrumb":{"@id":"https:\/\/unfallforensik.com\/kfz\/gegengutachten-strafverfahren\/#breadcrumb"},"inLanguage":"de","potentialAction":[{"@type":"ReadAction","target":["https:\/\/unfallforensik.com\/kfz\/gegengutachten-strafverfahren\/"]}]},{"@type":"ImageObject","inLanguage":"de","@id":"https:\/\/unfallforensik.com\/kfz\/gegengutachten-strafverfahren\/#primaryimage","url":"https:\/\/unfallforensik.com\/kfz\/wp-content\/uploads\/2020\/01\/gegengutachten_strafverfahren.jpg","contentUrl":"https:\/\/unfallforensik.com\/kfz\/wp-content\/uploads\/2020\/01\/gegengutachten_strafverfahren.jpg","width":1200,"height":800,"caption":"gegengutachten Strafverfahren strafprozess ermittlungsverfahren"},{"@type":"BreadcrumbList","@id":"https:\/\/unfallforensik.com\/kfz\/gegengutachten-strafverfahren\/#breadcrumb","itemListElement":[{"@type":"ListItem","position":1,"name":"Home","item":"https:\/\/unfallforensik.com\/kfz\/"},{"@type":"ListItem","position":2,"name":"Gegengutachten Strafverfahren"}]},{"@type":"WebSite","@id":"https:\/\/unfallforensik.com\/kfz\/#website","url":"https:\/\/unfallforensik.com\/kfz\/","name":"KFZ Gutachter Unfallforensik, unfallanalytisches Gutachten, Unfallanalyse, Sachverst\u00e4ndiger, Unfallrekonstruktion","description":"KFZ Gutachter,Unfallschaden,Unfallrekonstruktion,unfallanalytisches Verfahren","publisher":{"@id":"https:\/\/unfallforensik.com\/kfz\/#organization"},"potentialAction":[{"@type":"SearchAction","target":{"@type":"EntryPoint","urlTemplate":"https:\/\/unfallforensik.com\/kfz\/?s={search_term_string}"},"query-input":{"@type":"PropertyValueSpecification","valueRequired":true,"valueName":"search_term_string"}}],"inLanguage":"de"},{"@type":"Organization","@id":"https:\/\/unfallforensik.com\/kfz\/#organization","name":"KFZ Gutachter Unfallforensik, unfallanalytisches Gutachten, Unfallanalyse, Sachverst\u00e4ndiger, Unfallrekonstruktion","url":"https:\/\/unfallforensik.com\/kfz\/","logo":{"@type":"ImageObject","inLanguage":"de","@id":"https:\/\/unfallforensik.com\/kfz\/#\/schema\/logo\/image\/","url":"https:\/\/unfallforensik.com\/kfz\/wp-content\/uploads\/2022\/05\/logo57.png","contentUrl":"https:\/\/unfallforensik.com\/kfz\/wp-content\/uploads\/2022\/05\/logo57.png","width":57,"height":57,"caption":"KFZ Gutachter Unfallforensik, unfallanalytisches Gutachten, Unfallanalyse, Sachverst\u00e4ndiger, Unfallrekonstruktion"},"image":{"@id":"https:\/\/unfallforensik.com\/kfz\/#\/schema\/logo\/image\/"}}]}},"_links":{"self":[{"href":"https:\/\/unfallforensik.com\/kfz\/wp-json\/wp\/v2\/pages\/14284","targetHints":{"allow":["GET"]}}],"collection":[{"href":"https:\/\/unfallforensik.com\/kfz\/wp-json\/wp\/v2\/pages"}],"about":[{"href":"https:\/\/unfallforensik.com\/kfz\/wp-json\/wp\/v2\/types\/page"}],"author":[{"embeddable":true,"href":"https:\/\/unfallforensik.com\/kfz\/wp-json\/wp\/v2\/users\/1"}],"replies":[{"embeddable":true,"href":"https:\/\/unfallforensik.com\/kfz\/wp-json\/wp\/v2\/comments?post=14284"}],"version-history":[{"count":0,"href":"https:\/\/unfallforensik.com\/kfz\/wp-json\/wp\/v2\/pages\/14284\/revisions"}],"wp:featuredmedia":[{"embeddable":true,"href":"https:\/\/unfallforensik.com\/kfz\/wp-json\/wp\/v2\/media\/14295"}],"wp:attachment":[{"href":"https:\/\/unfallforensik.com\/kfz\/wp-json\/wp\/v2\/media?parent=14284"}],"curies":[{"name":"wp","href":"https:\/\/api.w.org\/{rel}","templated":true}]}}