{"id":13894,"date":"2018-12-27T13:18:10","date_gmt":"2018-12-27T12:18:10","guid":{"rendered":"http:\/\/unfallforensik.com\/kfz\/?page_id=13894"},"modified":"2018-12-27T15:36:52","modified_gmt":"2018-12-27T14:36:52","slug":"parkplatz-unfall-teilschuld","status":"publish","type":"page","link":"https:\/\/unfallforensik.com\/kfz\/parkplatz-unfall-teilschuld\/","title":{"rendered":"Parkplatz Unfall Teilschuld"},"content":{"rendered":"<p>[vc_row][vc_column][vc_column_text]<\/p>\n<h4>Unfall Parkplatz Teilschuld und Haftungsverteilung<\/h4>\n<p>Sto\u00dfen auf einem Parkplatz zwei Fahrzeuge zusammen, von denen eines gerade aus einem Parkhafen oder auch aus einer sog. Nebenfahrbahn ausf\u00e4hrt (egal ob r\u00fcckw\u00e4rts oder vorw\u00e4rts), w\u00e4hrend das andere Fahrzeug auf einem Zubringerweg oder auf einer sog. Hauptfahrbahn gerade vorbeif\u00e4hrt, so nimmt die Rechtsprechung in der Regel eine Haftungsverteilung von 50:50 an. Nur gelegentlich und ausnahmsweise wird entschieden, dass demjenigen, der bei formaler Betrachtung sozusagen das Vorfahrtrecht gehabt hat, ein etwas h\u00f6herer Anteil von etwa 60 % seines Schadens zusteht (vgl. z.B. LG N\u00fcrnberg-F\u00fcrth\u00a0<a title=\"NZV 91, 357 (2 zugeordnete Entscheidungen)\" href=\"httpss:\/\/dejure.org\/dienste\/vernetzung\/rechtsprechung?Text=NZV%2091,%20357\" target=\"_blank\" rel=\"noopener\">NZV 91, 357<\/a>)<\/p>\n<p>Der Grund daf\u00fcr, dass hier dem Vorbeifahrenden gegen\u00fcber dem aus dem Parkhafen oder der Nebenfahrbahn Ausfahrenden kein voller Schadensersatz zugesprochen wird, liegt darin, dass zwar auf der einen Seite der den Parkhafen Verlassende die erh\u00f6hten Sorgfaltspflichten der \u00a7\u00a7\u00a0<a title=\"\u00a7 8 StVO: Vorfahrt\" href=\"httpss:\/\/dejure.org\/gesetze\/StVO\/8.html\" target=\"_blank\" rel=\"noopener\">8<\/a>,9 u. 10 StVO beachten muss (dem Vorbeifahrenden also das Vorrecht einzur\u00e4umen hat und sich dabei \u00e4u\u00dferst sorgf\u00e4ltig nach allen Seiten umschauen muss), auf der anderen Seite auf Parkpl\u00e4tzen die Vorfahrtregeln der StVO nicht uneingeschr\u00e4nkt gelten, sondern dadurch abgeschw\u00e4cht werden, dass auch dem an sich Bevorrechtigten besondere Sorgfaltspflichten aus \u00a7\u00a0<a title=\"\u00a7 1 StVO: Grundregeln\" href=\"httpss:\/\/dejure.org\/gesetze\/StVO\/1.html\" target=\"_blank\" rel=\"noopener\">1<\/a>\u00a0StVO obliegen. Diese Sorgfaltspflichten gehen auf Parkpl\u00e4tzen dahin, stets nur mit h\u00f6chster Aufmerksamkeit auf etwaige Rangiervorg\u00e4nge anderer sowie mit besonderer Bremsbereitschaft und mit Schrittgeschwindigkeit (h\u00f6chstens 5 km\/h) zu fahren; im Streitfall muss nat\u00fcrlich auch\u00a0<b>bewiesen und nicht nur behauptet werden<\/b>, dass dies der Fall war.<\/p>\n<p>Kann der genaue Ablauf eines Parkplatzunfalls letztlich nicht exakt aufgekl\u00e4rt werden, weil unfallunabh\u00e4ngige Zeugen fehlen, dann muss davon ausgegangen werden, dass beide Fahrzeugf\u00fchrer im Zweifel ihre zuvor beschriebenen Pflichten verletzt haben m\u00fcssen, denn sonst w\u00e4re es ja zu dem Unfall nicht gekommen.<\/p>\n<p>Dies f\u00fchrt dann zu der erw\u00e4hnten Schadensteilung (vgl. auch AG Osnabr\u00fcck DAR 93, 303), wobei es in der Regel \u00fcberhaupt keine Rolle spielt, ob der eine gestanden hat, r\u00fcckw\u00e4rts gefahren ist, formell die Vorfahrt hatte usw. oder nicht.<\/p>\n<p>&nbsp;<\/p>\n<p>&nbsp;<\/p>\n<p>[\/vc_column_text][vc_column_text]<\/p>\n<h3><strong>Eine Teilschuld bzw. Haftungsverteilung bei einem Parkplatzunfall muss nicht sein !!!<\/strong><\/h3>\n<p><a href=\"httpss:\/\/www.iww.de\/va\/archiv\/unfallschadensregulierung-parkplatzunfaelle--nicht-immer-halbehalbe-f29263\" target=\"_blank\" rel=\"noopener\">Hier werden einige Beispiele erkl\u00e4rt&#8230;&#8230;<\/a><\/p>\n<p>Bei einem Unfall auf dem Parkplatz sollten Sie eine ausreichende Fotodokumentation erstellen und Zeugen namentlich ausfindig machen, denn aus unfallanalytischer Sicht (technisch) kann nur einer den Ansto\u00df gegeben haben. Bevor Sie sich nur rechtlich gegen eine Teilschuld bei einem Parkplatzunfall wehren, empfehle ich Ihnen eine<a href=\"https:\/\/unfallforensik.com\/kfz\/hilfe\/\"> Sachverst\u00e4ndige Ersteinsch\u00e4tzun<\/a>g einzuholen.<\/p>\n<p>[\/vc_column_text][\/vc_column][\/vc_row][vc_row][vc_column][vc_column_text]<\/p>\n<div class=\"col\">\n<div id=\"center_col\">\n<div id=\"extrares\" class=\"med\">\n<div id=\"botstuff\">\n<div data-ved=\"0ahUKEwiT666Lm8DfAhUHfFAKHbo2DOcQCAh6\">\n<div id=\"brs\" data-hveid=\"CAYQAA\">\n<div class=\"card-section\">\n<div class=\"brs_col\">\n<h6 class=\"nVcaUb\"><a href=\"https:\/\/unfallforensik.com\/kfz\/teilschuld-verkehrsunfall\/\">unfall parkplatz\u00a0stehendes fahrzeug<\/a><a href=\"https:\/\/unfallforensik.com\/kfz\/forensiche-unfallrekonstruktion\/\">,unfall\u00a0auf privatem\u00a0parkplatz<\/a>,<a href=\"https:\/\/unfallforensik.com\/kfz\/hilfe\/\">unfall\u00a0r\u00fcckw\u00e4rtsfahren schuldfrage<\/a>,<a href=\"https:\/\/unfallforensik.com\/kfz\/der-besondere-fussgaengerunfall\/\">unfall\u00a0beim ausparken versicherung<\/a>,<a href=\"https:\/\/unfallforensik.com\/kfz\/dunkelheitsunfall\/\">unfall\u00a0auf privatparkplatz polizei<\/a>,<a href=\"https:\/\/unfallforensik.com\/kfz\/parkplatz-unfall-teilschuld\/\">beim r\u00fcckw\u00e4rts ausparken auto angefahre<\/a>n,<a href=\"https:\/\/unfallforensik.com\/kfz\/unfall-reifen-schuld\/\">beim ausparken ist mir einer reingefahren<\/a>,<a href=\"https:\/\/unfallforensik.com\/kfz\/anhoerung-bussgeldverfahren-unfall\/\">parkplatz unfall\u00a0kreuzung<\/a><\/h6>\n<\/div>\n<\/div>\n<\/div>\n<\/div>\n<\/div>\n<\/div>\n<div>\n<div id=\"foot\" role=\"navigation\">\n<div id=\"gfn\"><\/div>\n<p>&nbsp;<\/p>\n<\/div>\n<\/div>\n<\/div>\n<\/div>\n<div id=\"rhscol\" class=\"col\">\n<div id=\"rhs\"><\/div>\n<\/div>\n<p>[\/vc_column_text][\/vc_column][\/vc_row]<\/p>\n","protected":false},"excerpt":{"rendered":"<p>[vc_row][vc_column][vc_column_text] Unfall Parkplatz Teilschuld und Haftungsverteilung Sto\u00dfen auf einem Parkplatz zwei Fahrzeuge zusammen, von denen eines gerade aus einem Parkhafen oder auch aus einer sog. Nebenfahrbahn ausf\u00e4hrt (egal ob r\u00fcckw\u00e4rts oder vorw\u00e4rts), w\u00e4hrend das andere Fahrzeug auf einem Zubringerweg oder auf einer sog. Hauptfahrbahn gerade vorbeif\u00e4hrt, so nimmt die Rechtsprechung in der Regel eine Haftungsverteilung&hellip;<\/p>\n","protected":false},"author":1,"featured_media":0,"parent":0,"menu_order":0,"comment_status":"closed","ping_status":"closed","template":"","meta":{"footnotes":""},"class_list":["post-13894","page","type-page","status-publish","hentry","description-off"],"yoast_head":"<!-- This site is optimized with the Yoast SEO Premium plugin v24.9 (Yoast SEO v24.9) - https:\/\/yoast.com\/wordpress\/plugins\/seo\/ -->\n<title>Parkplatz Unfall Teilschuld - KFZ Gutachter Unfallforensik, unfallanalytisches Gutachten, Unfallanalyse, Sachverst\u00e4ndiger, Unfallrekonstruktion<\/title>\n<meta name=\"robots\" content=\"index, follow, max-snippet:-1, max-image-preview:large, max-video-preview:-1\" \/>\n<link rel=\"canonical\" href=\"https:\/\/unfallforensik.com\/kfz\/parkplatz-unfall-teilschuld\/\" \/>\n<meta property=\"og:locale\" content=\"de_DE\" \/>\n<meta property=\"og:type\" content=\"article\" \/>\n<meta property=\"og:title\" content=\"Parkplatz Unfall Teilschuld\" \/>\n<meta property=\"og:description\" content=\"[vc_row][vc_column][vc_column_text] Unfall Parkplatz Teilschuld und Haftungsverteilung Sto\u00dfen auf einem Parkplatz zwei Fahrzeuge zusammen, von denen eines gerade aus einem Parkhafen oder auch aus einer sog. Nebenfahrbahn ausf\u00e4hrt (egal ob r\u00fcckw\u00e4rts oder vorw\u00e4rts), w\u00e4hrend das andere Fahrzeug auf einem Zubringerweg oder auf einer sog. Hauptfahrbahn gerade vorbeif\u00e4hrt, so nimmt die Rechtsprechung in der Regel eine Haftungsverteilung&hellip;\" \/>\n<meta property=\"og:url\" content=\"https:\/\/unfallforensik.com\/kfz\/parkplatz-unfall-teilschuld\/\" \/>\n<meta property=\"og:site_name\" content=\"KFZ Gutachter Unfallforensik, unfallanalytisches Gutachten, Unfallanalyse, Sachverst\u00e4ndiger, Unfallrekonstruktion\" \/>\n<meta property=\"article:modified_time\" content=\"2018-12-27T14:36:52+00:00\" \/>\n<meta name=\"twitter:card\" content=\"summary_large_image\" \/>\n<meta name=\"twitter:label1\" content=\"Gesch\u00e4tzte Lesezeit\" \/>\n\t<meta name=\"twitter:data1\" content=\"2\u00a0Minuten\" \/>\n<script type=\"application\/ld+json\" class=\"yoast-schema-graph\">{\"@context\":\"https:\/\/schema.org\",\"@graph\":[{\"@type\":\"WebPage\",\"@id\":\"https:\/\/unfallforensik.com\/kfz\/parkplatz-unfall-teilschuld\/\",\"url\":\"https:\/\/unfallforensik.com\/kfz\/parkplatz-unfall-teilschuld\/\",\"name\":\"Parkplatz Unfall Teilschuld - KFZ Gutachter Unfallforensik, unfallanalytisches Gutachten, Unfallanalyse, Sachverst\u00e4ndiger, Unfallrekonstruktion\",\"isPartOf\":{\"@id\":\"https:\/\/unfallforensik.com\/kfz\/#website\"},\"datePublished\":\"2018-12-27T12:18:10+00:00\",\"dateModified\":\"2018-12-27T14:36:52+00:00\",\"breadcrumb\":{\"@id\":\"https:\/\/unfallforensik.com\/kfz\/parkplatz-unfall-teilschuld\/#breadcrumb\"},\"inLanguage\":\"de\",\"potentialAction\":[{\"@type\":\"ReadAction\",\"target\":[\"https:\/\/unfallforensik.com\/kfz\/parkplatz-unfall-teilschuld\/\"]}]},{\"@type\":\"BreadcrumbList\",\"@id\":\"https:\/\/unfallforensik.com\/kfz\/parkplatz-unfall-teilschuld\/#breadcrumb\",\"itemListElement\":[{\"@type\":\"ListItem\",\"position\":1,\"name\":\"Home\",\"item\":\"https:\/\/unfallforensik.com\/kfz\/\"},{\"@type\":\"ListItem\",\"position\":2,\"name\":\"Parkplatz Unfall Teilschuld\"}]},{\"@type\":\"WebSite\",\"@id\":\"https:\/\/unfallforensik.com\/kfz\/#website\",\"url\":\"https:\/\/unfallforensik.com\/kfz\/\",\"name\":\"KFZ Gutachter Unfallforensik, unfallanalytisches Gutachten, Unfallanalyse, Sachverst\u00e4ndiger, Unfallrekonstruktion\",\"description\":\"KFZ Gutachter,Unfallschaden,Unfallrekonstruktion,unfallanalytisches Verfahren\",\"publisher\":{\"@id\":\"https:\/\/unfallforensik.com\/kfz\/#organization\"},\"potentialAction\":[{\"@type\":\"SearchAction\",\"target\":{\"@type\":\"EntryPoint\",\"urlTemplate\":\"https:\/\/unfallforensik.com\/kfz\/?s={search_term_string}\"},\"query-input\":{\"@type\":\"PropertyValueSpecification\",\"valueRequired\":true,\"valueName\":\"search_term_string\"}}],\"inLanguage\":\"de\"},{\"@type\":\"Organization\",\"@id\":\"https:\/\/unfallforensik.com\/kfz\/#organization\",\"name\":\"KFZ Gutachter Unfallforensik, unfallanalytisches Gutachten, Unfallanalyse, Sachverst\u00e4ndiger, Unfallrekonstruktion\",\"url\":\"https:\/\/unfallforensik.com\/kfz\/\",\"logo\":{\"@type\":\"ImageObject\",\"inLanguage\":\"de\",\"@id\":\"https:\/\/unfallforensik.com\/kfz\/#\/schema\/logo\/image\/\",\"url\":\"https:\/\/unfallforensik.com\/kfz\/wp-content\/uploads\/2022\/05\/logo57.png\",\"contentUrl\":\"https:\/\/unfallforensik.com\/kfz\/wp-content\/uploads\/2022\/05\/logo57.png\",\"width\":57,\"height\":57,\"caption\":\"KFZ Gutachter Unfallforensik, unfallanalytisches Gutachten, Unfallanalyse, Sachverst\u00e4ndiger, Unfallrekonstruktion\"},\"image\":{\"@id\":\"https:\/\/unfallforensik.com\/kfz\/#\/schema\/logo\/image\/\"}}]}<\/script>\n<!-- \/ Yoast SEO Premium plugin. -->","yoast_head_json":{"title":"Parkplatz Unfall Teilschuld - KFZ Gutachter Unfallforensik, unfallanalytisches Gutachten, Unfallanalyse, Sachverst\u00e4ndiger, Unfallrekonstruktion","robots":{"index":"index","follow":"follow","max-snippet":"max-snippet:-1","max-image-preview":"max-image-preview:large","max-video-preview":"max-video-preview:-1"},"canonical":"https:\/\/unfallforensik.com\/kfz\/parkplatz-unfall-teilschuld\/","og_locale":"de_DE","og_type":"article","og_title":"Parkplatz Unfall Teilschuld","og_description":"[vc_row][vc_column][vc_column_text] Unfall Parkplatz Teilschuld und Haftungsverteilung Sto\u00dfen auf einem Parkplatz zwei Fahrzeuge zusammen, von denen eines gerade aus einem Parkhafen oder auch aus einer sog. Nebenfahrbahn ausf\u00e4hrt (egal ob r\u00fcckw\u00e4rts oder vorw\u00e4rts), w\u00e4hrend das andere Fahrzeug auf einem Zubringerweg oder auf einer sog. Hauptfahrbahn gerade vorbeif\u00e4hrt, so nimmt die Rechtsprechung in der Regel eine Haftungsverteilung&hellip;","og_url":"https:\/\/unfallforensik.com\/kfz\/parkplatz-unfall-teilschuld\/","og_site_name":"KFZ Gutachter Unfallforensik, unfallanalytisches Gutachten, Unfallanalyse, Sachverst\u00e4ndiger, Unfallrekonstruktion","article_modified_time":"2018-12-27T14:36:52+00:00","twitter_card":"summary_large_image","twitter_misc":{"Gesch\u00e4tzte Lesezeit":"2\u00a0Minuten"},"schema":{"@context":"https:\/\/schema.org","@graph":[{"@type":"WebPage","@id":"https:\/\/unfallforensik.com\/kfz\/parkplatz-unfall-teilschuld\/","url":"https:\/\/unfallforensik.com\/kfz\/parkplatz-unfall-teilschuld\/","name":"Parkplatz Unfall Teilschuld - KFZ Gutachter Unfallforensik, unfallanalytisches Gutachten, Unfallanalyse, Sachverst\u00e4ndiger, Unfallrekonstruktion","isPartOf":{"@id":"https:\/\/unfallforensik.com\/kfz\/#website"},"datePublished":"2018-12-27T12:18:10+00:00","dateModified":"2018-12-27T14:36:52+00:00","breadcrumb":{"@id":"https:\/\/unfallforensik.com\/kfz\/parkplatz-unfall-teilschuld\/#breadcrumb"},"inLanguage":"de","potentialAction":[{"@type":"ReadAction","target":["https:\/\/unfallforensik.com\/kfz\/parkplatz-unfall-teilschuld\/"]}]},{"@type":"BreadcrumbList","@id":"https:\/\/unfallforensik.com\/kfz\/parkplatz-unfall-teilschuld\/#breadcrumb","itemListElement":[{"@type":"ListItem","position":1,"name":"Home","item":"https:\/\/unfallforensik.com\/kfz\/"},{"@type":"ListItem","position":2,"name":"Parkplatz Unfall Teilschuld"}]},{"@type":"WebSite","@id":"https:\/\/unfallforensik.com\/kfz\/#website","url":"https:\/\/unfallforensik.com\/kfz\/","name":"KFZ Gutachter Unfallforensik, unfallanalytisches Gutachten, Unfallanalyse, Sachverst\u00e4ndiger, Unfallrekonstruktion","description":"KFZ Gutachter,Unfallschaden,Unfallrekonstruktion,unfallanalytisches Verfahren","publisher":{"@id":"https:\/\/unfallforensik.com\/kfz\/#organization"},"potentialAction":[{"@type":"SearchAction","target":{"@type":"EntryPoint","urlTemplate":"https:\/\/unfallforensik.com\/kfz\/?s={search_term_string}"},"query-input":{"@type":"PropertyValueSpecification","valueRequired":true,"valueName":"search_term_string"}}],"inLanguage":"de"},{"@type":"Organization","@id":"https:\/\/unfallforensik.com\/kfz\/#organization","name":"KFZ Gutachter Unfallforensik, unfallanalytisches Gutachten, Unfallanalyse, Sachverst\u00e4ndiger, Unfallrekonstruktion","url":"https:\/\/unfallforensik.com\/kfz\/","logo":{"@type":"ImageObject","inLanguage":"de","@id":"https:\/\/unfallforensik.com\/kfz\/#\/schema\/logo\/image\/","url":"https:\/\/unfallforensik.com\/kfz\/wp-content\/uploads\/2022\/05\/logo57.png","contentUrl":"https:\/\/unfallforensik.com\/kfz\/wp-content\/uploads\/2022\/05\/logo57.png","width":57,"height":57,"caption":"KFZ Gutachter Unfallforensik, unfallanalytisches Gutachten, Unfallanalyse, Sachverst\u00e4ndiger, Unfallrekonstruktion"},"image":{"@id":"https:\/\/unfallforensik.com\/kfz\/#\/schema\/logo\/image\/"}}]}},"_links":{"self":[{"href":"https:\/\/unfallforensik.com\/kfz\/wp-json\/wp\/v2\/pages\/13894","targetHints":{"allow":["GET"]}}],"collection":[{"href":"https:\/\/unfallforensik.com\/kfz\/wp-json\/wp\/v2\/pages"}],"about":[{"href":"https:\/\/unfallforensik.com\/kfz\/wp-json\/wp\/v2\/types\/page"}],"author":[{"embeddable":true,"href":"https:\/\/unfallforensik.com\/kfz\/wp-json\/wp\/v2\/users\/1"}],"replies":[{"embeddable":true,"href":"https:\/\/unfallforensik.com\/kfz\/wp-json\/wp\/v2\/comments?post=13894"}],"version-history":[{"count":0,"href":"https:\/\/unfallforensik.com\/kfz\/wp-json\/wp\/v2\/pages\/13894\/revisions"}],"wp:attachment":[{"href":"https:\/\/unfallforensik.com\/kfz\/wp-json\/wp\/v2\/media?parent=13894"}],"curies":[{"name":"wp","href":"https:\/\/api.w.org\/{rel}","templated":true}]}}