{"id":13699,"date":"2018-09-28T11:45:41","date_gmt":"2018-09-28T09:45:41","guid":{"rendered":"http:\/\/unfallforensik.com\/kfz\/?page_id=13699"},"modified":"2018-09-28T11:49:19","modified_gmt":"2018-09-28T09:49:19","slug":"dunkelheitsunfall","status":"publish","type":"page","link":"https:\/\/unfallforensik.com\/kfz\/dunkelheitsunfall\/","title":{"rendered":"Dunkelheitsunfall"},"content":{"rendered":"<p>[vc_row][vc_column][vc_single_image image=&#8220;13697&#8243; img_size=&#8220;full&#8220; alignment=&#8220;center&#8220; css_animation=&#8220;fadeIn&#8220;][\/vc_column][\/vc_row][vc_row][vc_column][big_title bigtitle_content=&#8220;Der Dunkelheitsunfall&#8220;][subtitle3 subtitle_content=&#8220;eine Sonderdisziplin der Unfallrekonstruktion&#8220;][vc_column_text]Dunkelheitsunf\u00e4lle sind aufgrund der verminderten Wahrnehmung durch die Dunkelheit eine K\u00f6nigsdisziplin der Unfallrekonstruktion. Aufgrund der Dunkelheit kann schnell ein anderer Verkehrsteilnehmer nicht wahrgenommen werden.<\/p>\n<p>Eine Sonderrolle nimmt der Dunkelheitsunfall bei einem Fu\u00dfg\u00e4ngerunfall ein. Es geht dann oft um die Kernfrage, aus welcher Entfernung der von einem Pkw erfasste Fu\u00dfg\u00e4nger zu erkennen war.<\/p>\n<p>Im Gegensatz zum Tageslichtgeschehen dem Erkennen des Fu\u00dfg\u00e4ngers dem Wahrnehmen und der Sehvorgang vorgeordnet.<\/p>\n<p>[\/vc_column_text][vc_single_image image=&#8220;13700&#8243; img_size=&#8220;full&#8220; alignment=&#8220;center&#8220;][vc_column_text]Mit dem Begriff Sehen verbindet man das Registrieren von sich ver\u00e4ndernden Helligkeitsunterschieden, die aber eine Formerkennung noch nicht beinhaltet.<\/p>\n<p>Wenngleich unser Visus (medizinisch f\u00fcr &#8222;Sehst\u00e4rke&#8220; oder &#8222;Sehsch\u00e4rfe&#8220;) in der Lage ist, viele Eindr\u00fccke aufzunehmen, so bedarf es dennoch eines Mindestreizes, also eines Gefahrensignales, um eine Reaktion beim Autofahrer auszul\u00f6sen. Im Rahmen der optischen Wahrnehmung seiner Umgebung wirkt eine F\u00fclle von Eindr\u00fccken auf den Fahrzeugf\u00fchrer ein, die er bewerten muss; nicht alle sind von Bedeutung. Es findet also eine stetige Beurteilung des vor dem Pkw liegenden Bereiches durch den Fahrzeugf\u00fchrer statt, was vor Augen f\u00fchrt, dass es f\u00fcr die Bestimmung der Erkennbarkeitsentfernung eines Fu\u00dfg\u00e4ngers bei Dunkelheit wenig sinnvoll ist, einen Ortstermin durchzuf\u00fchren. Wei\u00df man n\u00e4mlich, von wo der letztlich sp\u00e4ter verungl\u00fcckte Fu\u00dfg\u00e4nger sich \u00fcber die Stra\u00dfe bewegte, so wird man nat\u00fcrlich zielgerichtet sein Augenmerk dorthin lenken und ihn logischerweise fr\u00fcher registrieren, als im Falle des unvorbereiteten Beobachters. Dieser wei\u00df ja von der Existenz des (sp\u00e4ter die Stra\u00dfe querenden) Fu\u00dfg\u00e4ngers noch nichts.<\/p>\n<p>[\/vc_column_text][vc_single_image image=&#8220;13701&#8243; img_size=&#8220;full&#8220; alignment=&#8220;center&#8220;][vc_column_text]Deswegen verbietet es sich auch, die f\u00fcr Tageslichtbedingungen relevanten Basisreak\u00adtionsdauern (in der Regel 0,8 bis 1\u00a0s) auf das n\u00e4chtliche Stra\u00dfenverkehrsgeschehen 1:1 zu \u00fcbernehmen.<\/p>\n<p>Betrachtet man hierzu die nachfolgende Abbildungen, so ist f\u00fcr den Fahrzeugf\u00fchrer hier offensichtlich, dass der links am Fahrbahnrand \u00adbefindliche Fu\u00dfg\u00e4nger aufgrund der Gehposition im Begriff ist, in den Fahrbahnbereich hineinzutreten. Man spricht gemeinhin von einer &#8222;einfachen Sehaufgabe&#8220;.<\/p>\n<p>&nbsp;<\/p>\n<p>[\/vc_column_text][vc_single_image image=&#8220;13702&#8243; img_size=&#8220;full&#8220; alignment=&#8220;center&#8220;][vc_column_text]Der Gefahrerkennungsprozess setzt hier also augenblicklich ein, es ist aufgrund der Umgebungshelligkeit klar, dass es sich um einen in die Fahrbahn hineinschreitenden Fu\u00dfg\u00e4nger handelt.<\/p>\n<p>Bei Dunkelheit kann dies v\u00f6llig anders aussehen; hier muss der von links herannahende Fu\u00dfg\u00e4nger erst einmal auch als solcher erkannt werden \u2013 wird vom Auge ein Helligkeitsunterschied (oftmals vom Fahrer als Schatten bezeichnet) registriert, so ist noch nicht sofort klar, dass es sich dabei auch um einen Fu\u00dfg\u00e4nger handelt \u2013 es k\u00f6nnte ja auch am linken Fahrbahnrand z.B. eine M\u00fclltonne stehen, von der nat\u00fcrlich f\u00fcr den Pkw-Fahrer keine Gefahr ausgeht. Es liegt auf der Hand, dass also der eigentlichen Abwehrhandlung der Seh- und Wahrnehmungsprozess vorausgeht, der eine gewisse Zeitdauer beinhaltet.<\/p>\n<p>[\/vc_column_text][\/vc_column][\/vc_row][vc_row][vc_column][subtitle subtitle_content=&#8220;Die wichtigsten Parameter des Dunkelheitsunfall&#8220;][vc_column_text]Die Erkennbarkeit von Hindernissen im n\u00e4chtlichen Stra\u00dfenverkehr ist damit ma\u00dfgeblich von folgenden Parametern abh\u00e4ngig:<\/p>\n<table class=\"chb-liste1\">\n<tbody class=\"chb-left chb-top\" align=\"left\" valign=\"top\">\n<tr>\n<td>\u25aa<\/td>\n<td>Helligkeit in der Umgebung,<\/td>\n<\/tr>\n<tr>\n<td>\u25aa<\/td>\n<td>Gr\u00f6\u00dfe des Hindernisses,<\/td>\n<\/tr>\n<tr>\n<td>\u25aa<\/td>\n<td>Witterungszustand,<\/td>\n<\/tr>\n<tr>\n<td>\u25aa<\/td>\n<td>Sehleistung und Anpassungsf\u00e4higkeit des Visus des Fahrzeugf\u00fchrers,<\/td>\n<\/tr>\n<tr>\n<td>\u25aa<\/td>\n<td>technischer Zustand des Pkw.<\/td>\n<\/tr>\n<\/tbody>\n<\/table>\n<p>[\/vc_column_text][vc_column_text]Die D\u00e4mmerung beschreibt den \u00dcbergang von den Tageslichtqualit\u00e4ten hin zum n\u00e4chtlichen Stra\u00dfenverkehrsgeschehen. Dazwischen angeordnet ist bekannterma\u00dfen die D\u00e4mmerungsphase, innerhalb derer sich die Umgebungshelligkeit mehr oder minder schnell \u00e4ndern kann.<\/p>\n<p>Hier kommt es bisweilen auf wenige Minuten bzgl. des genauen Unfallzeitpunktes an. Es ist, wie in entsprechenden Untersuchungen festgestellt wurde, eine drastische Abnahme von Leuchtdichtewerten (Helligkeiten) in kleinsten Zeitfenstern festzustellen. Wenn dann die genaue Unfallzeit nicht festgehalten wurde bzw. nachtr\u00e4glich nicht mehr eruiert werden kann, so sind gro\u00dfe Unw\u00e4gbarkeiten gegeben.<\/p>\n<p>[\/vc_column_text][vc_column_text]Dass die Gr\u00f6\u00dfe des Hindernisses f\u00fcr die Frage der Erkennbarkeit bedeutsam ist, liegt auf der Hand, zumal sie schon bei Tageslichtunf\u00e4llen eine bedeutende Rolle spielt.<\/p>\n<p>[\/vc_column_text][vc_column_text]Der Parameter Witterungszustand umfasst die gesamte F\u00fclle meteorologischer Einfl\u00fcsse, von trockener Fahrbahn \u00fcber eine feuchte bis zur nassen Stra\u00dfe (Pf\u00fctzenbildung). Genauso gut kann aber auch in einer Vollmondnacht die Umgebungshelligkeit merklich gegen\u00fcber dem Zustand bei bew\u00f6lktem Himmel abweichen, weswegen gelegentlich auch z.B. der Mondphase eine nicht unbeachtliche Bedeutung zukommen kann.<\/p>\n<p>[\/vc_column_text][vc_column_text]Bzgl. der Qualit\u00e4ten des menschlichen Visus muss auf entsprechende medizinische Untersuchungen verwiesen werden. Es sei nur so viel ausgef\u00fchrt, dass das Auge quasi wie ein Fotoapparat aufgebaut ist, in dem die Pupille die Aufgabe der Blende \u00fcbernimmt (Steuerung des Lichteinfalls ins Augeninnere). Die Augenlinse hat dann die Aufgabe, die zu erkennenden Objekte m\u00f6glichst scharf auf der Netzhaut abzubilden. Gerade diese F\u00e4higkeit ist f\u00fcr das Formerkennen von gro\u00dfer Bedeutung \u2013 gemeinhin ist damit die sog. Sehsch\u00e4rfe wesentlich, die mit zunehmender Dunkelheit.<\/p>\n<p>[\/vc_column_text][\/vc_column][\/vc_row]<\/p>\n","protected":false},"excerpt":{"rendered":"<p>[vc_row][vc_column][vc_single_image image=&#8220;13697&#8243; img_size=&#8220;full&#8220; alignment=&#8220;center&#8220; css_animation=&#8220;fadeIn&#8220;][\/vc_column][\/vc_row][vc_row][vc_column][big_title bigtitle_content=&#8220;Der Dunkelheitsunfall&#8220;][subtitle3 subtitle_content=&#8220;eine Sonderdisziplin der Unfallrekonstruktion&#8220;][vc_column_text]Dunkelheitsunf\u00e4lle sind aufgrund der verminderten Wahrnehmung durch die Dunkelheit eine K\u00f6nigsdisziplin der Unfallrekonstruktion. Aufgrund der Dunkelheit kann schnell ein anderer Verkehrsteilnehmer nicht wahrgenommen werden. Eine Sonderrolle nimmt der Dunkelheitsunfall bei einem Fu\u00dfg\u00e4ngerunfall ein. Es geht dann oft um die Kernfrage, aus welcher Entfernung der von&hellip;<\/p>\n","protected":false},"author":1,"featured_media":0,"parent":0,"menu_order":0,"comment_status":"closed","ping_status":"closed","template":"","meta":{"footnotes":""},"class_list":["post-13699","page","type-page","status-publish","hentry","description-off"],"yoast_head":"<!-- This site is optimized with the Yoast SEO Premium plugin v24.9 (Yoast SEO v24.9) - https:\/\/yoast.com\/wordpress\/plugins\/seo\/ -->\n<title>Dunkelheitsunfall - KFZ Gutachter Unfallforensik, unfallanalytisches Gutachten, Unfallanalyse, Sachverst\u00e4ndiger, Unfallrekonstruktion<\/title>\n<meta name=\"robots\" content=\"index, follow, max-snippet:-1, max-image-preview:large, max-video-preview:-1\" \/>\n<link rel=\"canonical\" href=\"https:\/\/unfallforensik.com\/kfz\/dunkelheitsunfall\/\" \/>\n<meta property=\"og:locale\" content=\"de_DE\" \/>\n<meta property=\"og:type\" content=\"article\" \/>\n<meta property=\"og:title\" content=\"Dunkelheitsunfall\" \/>\n<meta property=\"og:description\" content=\"[vc_row][vc_column][vc_single_image image=&#8220;13697&#8243; img_size=&#8220;full&#8220; alignment=&#8220;center&#8220; css_animation=&#8220;fadeIn&#8220;][\/vc_column][\/vc_row][vc_row][vc_column][big_title bigtitle_content=&#8220;Der Dunkelheitsunfall&#8220;][subtitle3 subtitle_content=&#8220;eine Sonderdisziplin der Unfallrekonstruktion&#8220;][vc_column_text]Dunkelheitsunf\u00e4lle sind aufgrund der verminderten Wahrnehmung durch die Dunkelheit eine K\u00f6nigsdisziplin der Unfallrekonstruktion. Aufgrund der Dunkelheit kann schnell ein anderer Verkehrsteilnehmer nicht wahrgenommen werden. Eine Sonderrolle nimmt der Dunkelheitsunfall bei einem Fu\u00dfg\u00e4ngerunfall ein. Es geht dann oft um die Kernfrage, aus welcher Entfernung der von&hellip;\" \/>\n<meta property=\"og:url\" content=\"https:\/\/unfallforensik.com\/kfz\/dunkelheitsunfall\/\" \/>\n<meta property=\"og:site_name\" content=\"KFZ Gutachter Unfallforensik, unfallanalytisches Gutachten, Unfallanalyse, Sachverst\u00e4ndiger, Unfallrekonstruktion\" \/>\n<meta property=\"article:modified_time\" content=\"2018-09-28T09:49:19+00:00\" \/>\n<meta name=\"twitter:card\" content=\"summary_large_image\" \/>\n<meta name=\"twitter:label1\" content=\"Gesch\u00e4tzte Lesezeit\" \/>\n\t<meta name=\"twitter:data1\" content=\"4\u00a0Minuten\" \/>\n<script type=\"application\/ld+json\" class=\"yoast-schema-graph\">{\"@context\":\"https:\/\/schema.org\",\"@graph\":[{\"@type\":\"WebPage\",\"@id\":\"https:\/\/unfallforensik.com\/kfz\/dunkelheitsunfall\/\",\"url\":\"https:\/\/unfallforensik.com\/kfz\/dunkelheitsunfall\/\",\"name\":\"Dunkelheitsunfall - KFZ Gutachter Unfallforensik, unfallanalytisches Gutachten, Unfallanalyse, Sachverst\u00e4ndiger, Unfallrekonstruktion\",\"isPartOf\":{\"@id\":\"https:\/\/unfallforensik.com\/kfz\/#website\"},\"datePublished\":\"2018-09-28T09:45:41+00:00\",\"dateModified\":\"2018-09-28T09:49:19+00:00\",\"breadcrumb\":{\"@id\":\"https:\/\/unfallforensik.com\/kfz\/dunkelheitsunfall\/#breadcrumb\"},\"inLanguage\":\"de\",\"potentialAction\":[{\"@type\":\"ReadAction\",\"target\":[\"https:\/\/unfallforensik.com\/kfz\/dunkelheitsunfall\/\"]}]},{\"@type\":\"BreadcrumbList\",\"@id\":\"https:\/\/unfallforensik.com\/kfz\/dunkelheitsunfall\/#breadcrumb\",\"itemListElement\":[{\"@type\":\"ListItem\",\"position\":1,\"name\":\"Home\",\"item\":\"https:\/\/unfallforensik.com\/kfz\/\"},{\"@type\":\"ListItem\",\"position\":2,\"name\":\"Dunkelheitsunfall\"}]},{\"@type\":\"WebSite\",\"@id\":\"https:\/\/unfallforensik.com\/kfz\/#website\",\"url\":\"https:\/\/unfallforensik.com\/kfz\/\",\"name\":\"KFZ Gutachter Unfallforensik, unfallanalytisches Gutachten, Unfallanalyse, Sachverst\u00e4ndiger, Unfallrekonstruktion\",\"description\":\"KFZ Gutachter,Unfallschaden,Unfallrekonstruktion,unfallanalytisches Verfahren\",\"publisher\":{\"@id\":\"https:\/\/unfallforensik.com\/kfz\/#organization\"},\"potentialAction\":[{\"@type\":\"SearchAction\",\"target\":{\"@type\":\"EntryPoint\",\"urlTemplate\":\"https:\/\/unfallforensik.com\/kfz\/?s={search_term_string}\"},\"query-input\":{\"@type\":\"PropertyValueSpecification\",\"valueRequired\":true,\"valueName\":\"search_term_string\"}}],\"inLanguage\":\"de\"},{\"@type\":\"Organization\",\"@id\":\"https:\/\/unfallforensik.com\/kfz\/#organization\",\"name\":\"KFZ Gutachter Unfallforensik, unfallanalytisches Gutachten, Unfallanalyse, Sachverst\u00e4ndiger, Unfallrekonstruktion\",\"url\":\"https:\/\/unfallforensik.com\/kfz\/\",\"logo\":{\"@type\":\"ImageObject\",\"inLanguage\":\"de\",\"@id\":\"https:\/\/unfallforensik.com\/kfz\/#\/schema\/logo\/image\/\",\"url\":\"https:\/\/unfallforensik.com\/kfz\/wp-content\/uploads\/2022\/05\/logo57.png\",\"contentUrl\":\"https:\/\/unfallforensik.com\/kfz\/wp-content\/uploads\/2022\/05\/logo57.png\",\"width\":57,\"height\":57,\"caption\":\"KFZ Gutachter Unfallforensik, unfallanalytisches Gutachten, Unfallanalyse, Sachverst\u00e4ndiger, Unfallrekonstruktion\"},\"image\":{\"@id\":\"https:\/\/unfallforensik.com\/kfz\/#\/schema\/logo\/image\/\"}}]}<\/script>\n<!-- \/ Yoast SEO Premium plugin. -->","yoast_head_json":{"title":"Dunkelheitsunfall - KFZ Gutachter Unfallforensik, unfallanalytisches Gutachten, Unfallanalyse, Sachverst\u00e4ndiger, Unfallrekonstruktion","robots":{"index":"index","follow":"follow","max-snippet":"max-snippet:-1","max-image-preview":"max-image-preview:large","max-video-preview":"max-video-preview:-1"},"canonical":"https:\/\/unfallforensik.com\/kfz\/dunkelheitsunfall\/","og_locale":"de_DE","og_type":"article","og_title":"Dunkelheitsunfall","og_description":"[vc_row][vc_column][vc_single_image image=&#8220;13697&#8243; img_size=&#8220;full&#8220; alignment=&#8220;center&#8220; css_animation=&#8220;fadeIn&#8220;][\/vc_column][\/vc_row][vc_row][vc_column][big_title bigtitle_content=&#8220;Der Dunkelheitsunfall&#8220;][subtitle3 subtitle_content=&#8220;eine Sonderdisziplin der Unfallrekonstruktion&#8220;][vc_column_text]Dunkelheitsunf\u00e4lle sind aufgrund der verminderten Wahrnehmung durch die Dunkelheit eine K\u00f6nigsdisziplin der Unfallrekonstruktion. Aufgrund der Dunkelheit kann schnell ein anderer Verkehrsteilnehmer nicht wahrgenommen werden. Eine Sonderrolle nimmt der Dunkelheitsunfall bei einem Fu\u00dfg\u00e4ngerunfall ein. Es geht dann oft um die Kernfrage, aus welcher Entfernung der von&hellip;","og_url":"https:\/\/unfallforensik.com\/kfz\/dunkelheitsunfall\/","og_site_name":"KFZ Gutachter Unfallforensik, unfallanalytisches Gutachten, Unfallanalyse, Sachverst\u00e4ndiger, Unfallrekonstruktion","article_modified_time":"2018-09-28T09:49:19+00:00","twitter_card":"summary_large_image","twitter_misc":{"Gesch\u00e4tzte Lesezeit":"4\u00a0Minuten"},"schema":{"@context":"https:\/\/schema.org","@graph":[{"@type":"WebPage","@id":"https:\/\/unfallforensik.com\/kfz\/dunkelheitsunfall\/","url":"https:\/\/unfallforensik.com\/kfz\/dunkelheitsunfall\/","name":"Dunkelheitsunfall - KFZ Gutachter Unfallforensik, unfallanalytisches Gutachten, Unfallanalyse, Sachverst\u00e4ndiger, Unfallrekonstruktion","isPartOf":{"@id":"https:\/\/unfallforensik.com\/kfz\/#website"},"datePublished":"2018-09-28T09:45:41+00:00","dateModified":"2018-09-28T09:49:19+00:00","breadcrumb":{"@id":"https:\/\/unfallforensik.com\/kfz\/dunkelheitsunfall\/#breadcrumb"},"inLanguage":"de","potentialAction":[{"@type":"ReadAction","target":["https:\/\/unfallforensik.com\/kfz\/dunkelheitsunfall\/"]}]},{"@type":"BreadcrumbList","@id":"https:\/\/unfallforensik.com\/kfz\/dunkelheitsunfall\/#breadcrumb","itemListElement":[{"@type":"ListItem","position":1,"name":"Home","item":"https:\/\/unfallforensik.com\/kfz\/"},{"@type":"ListItem","position":2,"name":"Dunkelheitsunfall"}]},{"@type":"WebSite","@id":"https:\/\/unfallforensik.com\/kfz\/#website","url":"https:\/\/unfallforensik.com\/kfz\/","name":"KFZ Gutachter Unfallforensik, unfallanalytisches Gutachten, Unfallanalyse, Sachverst\u00e4ndiger, Unfallrekonstruktion","description":"KFZ Gutachter,Unfallschaden,Unfallrekonstruktion,unfallanalytisches Verfahren","publisher":{"@id":"https:\/\/unfallforensik.com\/kfz\/#organization"},"potentialAction":[{"@type":"SearchAction","target":{"@type":"EntryPoint","urlTemplate":"https:\/\/unfallforensik.com\/kfz\/?s={search_term_string}"},"query-input":{"@type":"PropertyValueSpecification","valueRequired":true,"valueName":"search_term_string"}}],"inLanguage":"de"},{"@type":"Organization","@id":"https:\/\/unfallforensik.com\/kfz\/#organization","name":"KFZ Gutachter Unfallforensik, unfallanalytisches Gutachten, Unfallanalyse, Sachverst\u00e4ndiger, Unfallrekonstruktion","url":"https:\/\/unfallforensik.com\/kfz\/","logo":{"@type":"ImageObject","inLanguage":"de","@id":"https:\/\/unfallforensik.com\/kfz\/#\/schema\/logo\/image\/","url":"https:\/\/unfallforensik.com\/kfz\/wp-content\/uploads\/2022\/05\/logo57.png","contentUrl":"https:\/\/unfallforensik.com\/kfz\/wp-content\/uploads\/2022\/05\/logo57.png","width":57,"height":57,"caption":"KFZ Gutachter Unfallforensik, unfallanalytisches Gutachten, Unfallanalyse, Sachverst\u00e4ndiger, Unfallrekonstruktion"},"image":{"@id":"https:\/\/unfallforensik.com\/kfz\/#\/schema\/logo\/image\/"}}]}},"_links":{"self":[{"href":"https:\/\/unfallforensik.com\/kfz\/wp-json\/wp\/v2\/pages\/13699","targetHints":{"allow":["GET"]}}],"collection":[{"href":"https:\/\/unfallforensik.com\/kfz\/wp-json\/wp\/v2\/pages"}],"about":[{"href":"https:\/\/unfallforensik.com\/kfz\/wp-json\/wp\/v2\/types\/page"}],"author":[{"embeddable":true,"href":"https:\/\/unfallforensik.com\/kfz\/wp-json\/wp\/v2\/users\/1"}],"replies":[{"embeddable":true,"href":"https:\/\/unfallforensik.com\/kfz\/wp-json\/wp\/v2\/comments?post=13699"}],"version-history":[{"count":0,"href":"https:\/\/unfallforensik.com\/kfz\/wp-json\/wp\/v2\/pages\/13699\/revisions"}],"wp:attachment":[{"href":"https:\/\/unfallforensik.com\/kfz\/wp-json\/wp\/v2\/media?parent=13699"}],"curies":[{"name":"wp","href":"https:\/\/api.w.org\/{rel}","templated":true}]}}