{"id":13633,"date":"2018-08-26T10:41:23","date_gmt":"2018-08-26T08:41:23","guid":{"rendered":"http:\/\/unfallforensik.com\/kfz\/?page_id=13633"},"modified":"2018-09-06T13:17:13","modified_gmt":"2018-09-06T11:17:13","slug":"forensiche-unfallrekonstruktion","status":"publish","type":"page","link":"https:\/\/unfallforensik.com\/kfz\/forensiche-unfallrekonstruktion\/","title":{"rendered":"forensiche Unfallrekonstruktion"},"content":{"rendered":"<p>[vc_row][vc_column width=&#8220;2\/3&#8243;][vc_column_text]<\/p>\n<h3>Forensische Unfallrekonstruktion<\/h3>\n<p>Nach Verkehrsunf\u00e4llen stellt sich h\u00e4ufig die Frage, welcher Verkehrsteilnehmer in welchem Umfang den Unfall verschuldet hat.<\/p>\n<p>Ein klassisches Beispiel sind Fahrzeugkleinkollisionen in Verbindung mit Spurwechsel, \u00dcberholvorg\u00e4ngen und Parkplatzsch\u00e4den.<\/p>\n<p>Eine forensische Unfallrekonstruktion wird ebenfalls bei Manipulationsvorw\u00fcrfen \/ Versicherungsbetrug angewendet und l\u00f6st die klassische Gegen\u00fcberstellung ab.<\/p>\n<p>[\/vc_column_text][\/vc_column][vc_column width=&#8220;1\/3&#8243;][vc_single_image image=&#8220;13634&#8243; img_size=&#8220;full&#8220;][\/vc_column][\/vc_row][vc_row][vc_column][vc_column_text]Aus den vorhandenen Unfallspuren ist es m\u00f6glich, den genauen Ablauf eines Verkehrsunfalls zu rekonstruieren. In der Regel lassen sich folgende Daten aus den Unfallspuren und den Fahrzeugdeformationen ermitteln:<\/p>\n<ul>\n<li>Ansto\u00dfposition und Lage des Kollisionsortes<\/li>\n<li>Ansto\u00dfgeschwindigkeit(en)<\/li>\n<li>Ann\u00e4herungsgeschwindigkeit(en), falls zuvor noch gebremst wurde<\/li>\n<li>genaue zeitliche Entwicklung des Unfalls<\/li>\n<li>Vermeidbarkeitsm\u00f6glichkeiten des Unfalls<\/li>\n<\/ul>\n<p>Voraussetzung f\u00fcr die Ermittlung dieser Daten ist, dass Unfallspuren und die Fahrzeugdeformationen durch Fotografien und Skizzen gesichert sind. Bei einer unzureichenden Spurensicherung lassen sich oftmals noch nachtr\u00e4glich wichtige Ankn\u00fcpfungspunkte ermitteln.<\/p>\n<p>[\/vc_column_text][photospherevc ps_autorotate=&#8220;yes&#8220; ps_enabel_autor=&#8220;yes&#8220; ps_enabel_autol=&#8220;yes&#8220; ps_zoom=&#8220;yes&#8220; ps_download=&#8220;yes&#8220; photospherevcimage=&#8220;13677&#8243; ps_height=&#8220;300&#8243; ps_mark=&#8220;panorama2&#8243;][\/vc_column][\/vc_row][vc_row][vc_column][vc_column_text]<\/p>\n<h1>Verkehrsunfallanalyse &#8211; Unfallrekonstruktion<\/h1>\n<h2>Nach einem Verkehrsunfall stellt sich immer die Frage nach der Unfallursache, dem Verursacher und gegebenenfalls dem jeweiligen Verursachungsbeitrag der Unfallbeteiligten.<\/h2>\n<h3><strong>Wer Schadensanspr\u00fcche geltend macht und klagt, muss beweisen!<\/strong><\/h3>\n<p align=\"justify\">Ich habe mich auf die Aufkl\u00e4rung von\u00a0<strong>Verkehrsunf\u00e4llen<\/strong>\u00a0spezialisiert. Mit hoher Fachkompetenz und modernster beweissichernder Messtechnik unterst\u00fctze ich Sie bei der schnellen Aufkl\u00e4rung von\u00a0<strong>Verkehrsunf\u00e4llen<\/strong>\u00a0und rekonstruieren nach neusten wissenschaftlichen Erkenntnissen und werde regional und \u00fcberregional f\u00fcr die Erstellung von\u00a0<strong>Unfallanalysen<\/strong>\u00a0in Anspruch genommen.<\/p>\n<p align=\"justify\">Ich liefere fundierte Grundlagen an meine Auftraggeber, Organe der Rechtspflege sowie an die Unfallbeteiligten f\u00fcr eine objektive Rechtsfindung zur Kl\u00e4rung juristischer Fragen bzgl. Unfallverursacher und Verursachungsgrad.<\/p>\n<p><strong>Aufkl\u00e4rend und aufschlussreich unterst\u00fctzen ich Sie bei folgenden Fragen:<\/strong><\/p>\n<ul>\n<li>Wie war der Bewegungsablauf der unfallbeteiligten Fahrzeuge \/ Personen vor und nach dem Ansto\u00df?<\/li>\n<li>Welches Fahrzeug war in Bewegung, welches hat gestanden?<\/li>\n<li>Wie schnell waren die am Unfall Beteiligten?<\/li>\n<li>War der Unfall vermeidbar?<\/li>\n<li>Lag die Unfallursache im Handlungsbereich der Beteiligten oder gab es technische M\u00e4ngel als Unfallursache?<\/li>\n<li>Waren Beleuchtung und Blinker etc. an den Fahrzeugen eingeschaltet?<\/li>\n<li>Waren die anscheinend unfallbeteiligten Fahrzeuge tats\u00e4chlich an der Kollision beteiligt?<\/li>\n<li>Passen Sch\u00e4den und Kontaktpunkte zueinander?<\/li>\n<li>Ist der geschilderte Unfallhergang plausibel?<\/li>\n<li>Passen Verletzungen der Personen im Fahrzeug zum Energieaustausch?<\/li>\n<\/ul>\n<p>Sie sollten schnellstm\u00f6glich und zeitnah zum Unfall mit uns\u00a0Kontakt\u00a0aufnehmen, um eine bestm\u00f6gliche Unfallrekonstruktion zu gew\u00e4hrleisten. Denn wir bieten Ihnen einen hohen Qualit\u00e4tsstandart in\u00a0<strong>Rekonstruktionen und Unfallforschung:<\/strong><\/p>\n<ul>\n<li>Rekonstruktionen und Analysen von Stra\u00dfenverkehrsunf\u00e4llen<\/li>\n<li>Untersuchung, Nachstellen und Aufkl\u00e4rung von Kleinkollisionen, manipulierter, gestellter und provozierter Unf\u00e4lle<\/li>\n<li>Untersuchungen, ob der Anschnallgurt genutzt wurde<\/li>\n<li>Simulation von Verkehrsunf\u00e4llen und Fahrvorg\u00e4ngen mit speziellen Programmen unter Aufzeichnung von Weg, Zeit, Geschwindigkeit, L\u00e4ngs- und Querbeschleunigungen<\/li>\n<li>Untersuchung von Insassenbelastungen zur \u201eHWS-Eingrenzung\u201c<\/li>\n<li>Durchf\u00fchrung von Crashversuchen mittels Unfalldatenspeicher<\/li>\n<\/ul>\n<p><strong>Technische Untersuchungen:<\/strong><\/p>\n<ul>\n<li>Untersuchung von Fahrzeugaggregaten oder Bauteilen, von zur\u00fcckliegenden Motorradst\u00fcrzen, Bremsen-, Lenkungs-, Fahrwerksuntersuchungen nach Verkehrsunf\u00e4llen<\/li>\n<li>Leistungsmessungen<\/li>\n<li>Beleuchtungszustand nach Verkehrsunf\u00e4llen<\/li>\n<li>Lackschichtdickenmessung zum Auffinden versteckter Reparaturen<\/li>\n<li>Brandursachenermittlung<\/li>\n<li>Diebstahluntersuchungen, Kfz-Sicherungseinrichtungen<\/li>\n<li>Diagrammscheibenauswertungen<\/li>\n<li>Fahrtenschreiberuntersuchungen<\/li>\n<li>Untersuchung von allgemein technischen Vorg\u00e4ngen<\/li>\n<\/ul>\n<p><strong>Spezialgutachten:<\/strong><\/p>\n<ul>\n<li>\u00dcberpr\u00fcfung polizeilicher Geschwindigkeitsmessungen<\/li>\n<li>Reparaturwertgutachten<\/li>\n<li>Sondergutachten<\/li>\n<\/ul>\n<p>Zur Unfallaufnahme und Beweissicherung sind wir im Notfall f\u00fcr Polizei und Staatsanwaltschaft am Unfallort.<\/p>\n<p>[\/vc_column_text][\/vc_column][\/vc_row]<\/p>\n","protected":false},"excerpt":{"rendered":"<p>[vc_row][vc_column width=&#8220;2\/3&#8243;][vc_column_text] Forensische Unfallrekonstruktion Nach Verkehrsunf\u00e4llen stellt sich h\u00e4ufig die Frage, welcher Verkehrsteilnehmer in welchem Umfang den Unfall verschuldet hat. Ein klassisches Beispiel sind Fahrzeugkleinkollisionen in Verbindung mit Spurwechsel, \u00dcberholvorg\u00e4ngen und Parkplatzsch\u00e4den. Eine forensische Unfallrekonstruktion wird ebenfalls bei Manipulationsvorw\u00fcrfen \/ Versicherungsbetrug angewendet und l\u00f6st die klassische Gegen\u00fcberstellung ab. [\/vc_column_text][\/vc_column][vc_column width=&#8220;1\/3&#8243;][vc_single_image image=&#8220;13634&#8243; img_size=&#8220;full&#8220;][\/vc_column][\/vc_row][vc_row][vc_column][vc_column_text]Aus den vorhandenen Unfallspuren&hellip;<\/p>\n","protected":false},"author":1,"featured_media":0,"parent":0,"menu_order":0,"comment_status":"closed","ping_status":"closed","template":"","meta":{"footnotes":""},"class_list":["post-13633","page","type-page","status-publish","hentry","description-off"],"yoast_head":"<!-- This site is optimized with the Yoast SEO Premium plugin v24.9 (Yoast SEO v24.9) - https:\/\/yoast.com\/wordpress\/plugins\/seo\/ -->\n<title>forensiche Unfallrekonstruktion - KFZ Gutachter Unfallforensik, unfallanalytisches Gutachten, Unfallanalyse, Sachverst\u00e4ndiger, Unfallrekonstruktion<\/title>\n<meta name=\"robots\" content=\"index, follow, max-snippet:-1, max-image-preview:large, max-video-preview:-1\" \/>\n<link rel=\"canonical\" href=\"https:\/\/unfallforensik.com\/kfz\/forensiche-unfallrekonstruktion\/\" \/>\n<meta property=\"og:locale\" content=\"de_DE\" \/>\n<meta property=\"og:type\" content=\"article\" \/>\n<meta property=\"og:title\" content=\"forensiche Unfallrekonstruktion\" \/>\n<meta property=\"og:description\" content=\"[vc_row][vc_column width=&#8220;2\/3&#8243;][vc_column_text] Forensische Unfallrekonstruktion Nach Verkehrsunf\u00e4llen stellt sich h\u00e4ufig die Frage, welcher Verkehrsteilnehmer in welchem Umfang den Unfall verschuldet hat. Ein klassisches Beispiel sind Fahrzeugkleinkollisionen in Verbindung mit Spurwechsel, \u00dcberholvorg\u00e4ngen und Parkplatzsch\u00e4den. Eine forensische Unfallrekonstruktion wird ebenfalls bei Manipulationsvorw\u00fcrfen \/ Versicherungsbetrug angewendet und l\u00f6st die klassische Gegen\u00fcberstellung ab. [\/vc_column_text][\/vc_column][vc_column width=&#8220;1\/3&#8243;][vc_single_image image=&#8220;13634&#8243; img_size=&#8220;full&#8220;][\/vc_column][\/vc_row][vc_row][vc_column][vc_column_text]Aus den vorhandenen Unfallspuren&hellip;\" \/>\n<meta property=\"og:url\" content=\"https:\/\/unfallforensik.com\/kfz\/forensiche-unfallrekonstruktion\/\" \/>\n<meta property=\"og:site_name\" content=\"KFZ Gutachter Unfallforensik, unfallanalytisches Gutachten, Unfallanalyse, Sachverst\u00e4ndiger, Unfallrekonstruktion\" \/>\n<meta property=\"article:modified_time\" content=\"2018-09-06T11:17:13+00:00\" \/>\n<meta name=\"twitter:card\" content=\"summary_large_image\" \/>\n<meta name=\"twitter:label1\" content=\"Gesch\u00e4tzte Lesezeit\" \/>\n\t<meta name=\"twitter:data1\" content=\"3\u00a0Minuten\" \/>\n<script type=\"application\/ld+json\" class=\"yoast-schema-graph\">{\"@context\":\"https:\/\/schema.org\",\"@graph\":[{\"@type\":\"WebPage\",\"@id\":\"https:\/\/unfallforensik.com\/kfz\/forensiche-unfallrekonstruktion\/\",\"url\":\"https:\/\/unfallforensik.com\/kfz\/forensiche-unfallrekonstruktion\/\",\"name\":\"forensiche Unfallrekonstruktion - KFZ Gutachter Unfallforensik, unfallanalytisches Gutachten, Unfallanalyse, Sachverst\u00e4ndiger, Unfallrekonstruktion\",\"isPartOf\":{\"@id\":\"https:\/\/unfallforensik.com\/kfz\/#website\"},\"datePublished\":\"2018-08-26T08:41:23+00:00\",\"dateModified\":\"2018-09-06T11:17:13+00:00\",\"breadcrumb\":{\"@id\":\"https:\/\/unfallforensik.com\/kfz\/forensiche-unfallrekonstruktion\/#breadcrumb\"},\"inLanguage\":\"de\",\"potentialAction\":[{\"@type\":\"ReadAction\",\"target\":[\"https:\/\/unfallforensik.com\/kfz\/forensiche-unfallrekonstruktion\/\"]}]},{\"@type\":\"BreadcrumbList\",\"@id\":\"https:\/\/unfallforensik.com\/kfz\/forensiche-unfallrekonstruktion\/#breadcrumb\",\"itemListElement\":[{\"@type\":\"ListItem\",\"position\":1,\"name\":\"Home\",\"item\":\"https:\/\/unfallforensik.com\/kfz\/\"},{\"@type\":\"ListItem\",\"position\":2,\"name\":\"forensiche Unfallrekonstruktion\"}]},{\"@type\":\"WebSite\",\"@id\":\"https:\/\/unfallforensik.com\/kfz\/#website\",\"url\":\"https:\/\/unfallforensik.com\/kfz\/\",\"name\":\"KFZ Gutachter Unfallforensik, unfallanalytisches Gutachten, Unfallanalyse, Sachverst\u00e4ndiger, Unfallrekonstruktion\",\"description\":\"KFZ Gutachter,Unfallschaden,Unfallrekonstruktion,unfallanalytisches Verfahren\",\"publisher\":{\"@id\":\"https:\/\/unfallforensik.com\/kfz\/#organization\"},\"potentialAction\":[{\"@type\":\"SearchAction\",\"target\":{\"@type\":\"EntryPoint\",\"urlTemplate\":\"https:\/\/unfallforensik.com\/kfz\/?s={search_term_string}\"},\"query-input\":{\"@type\":\"PropertyValueSpecification\",\"valueRequired\":true,\"valueName\":\"search_term_string\"}}],\"inLanguage\":\"de\"},{\"@type\":\"Organization\",\"@id\":\"https:\/\/unfallforensik.com\/kfz\/#organization\",\"name\":\"KFZ Gutachter Unfallforensik, unfallanalytisches Gutachten, Unfallanalyse, Sachverst\u00e4ndiger, Unfallrekonstruktion\",\"url\":\"https:\/\/unfallforensik.com\/kfz\/\",\"logo\":{\"@type\":\"ImageObject\",\"inLanguage\":\"de\",\"@id\":\"https:\/\/unfallforensik.com\/kfz\/#\/schema\/logo\/image\/\",\"url\":\"https:\/\/unfallforensik.com\/kfz\/wp-content\/uploads\/2022\/05\/logo57.png\",\"contentUrl\":\"https:\/\/unfallforensik.com\/kfz\/wp-content\/uploads\/2022\/05\/logo57.png\",\"width\":57,\"height\":57,\"caption\":\"KFZ Gutachter Unfallforensik, unfallanalytisches Gutachten, Unfallanalyse, Sachverst\u00e4ndiger, Unfallrekonstruktion\"},\"image\":{\"@id\":\"https:\/\/unfallforensik.com\/kfz\/#\/schema\/logo\/image\/\"}}]}<\/script>\n<!-- \/ Yoast SEO Premium plugin. -->","yoast_head_json":{"title":"forensiche Unfallrekonstruktion - KFZ Gutachter Unfallforensik, unfallanalytisches Gutachten, Unfallanalyse, Sachverst\u00e4ndiger, Unfallrekonstruktion","robots":{"index":"index","follow":"follow","max-snippet":"max-snippet:-1","max-image-preview":"max-image-preview:large","max-video-preview":"max-video-preview:-1"},"canonical":"https:\/\/unfallforensik.com\/kfz\/forensiche-unfallrekonstruktion\/","og_locale":"de_DE","og_type":"article","og_title":"forensiche Unfallrekonstruktion","og_description":"[vc_row][vc_column width=&#8220;2\/3&#8243;][vc_column_text] Forensische Unfallrekonstruktion Nach Verkehrsunf\u00e4llen stellt sich h\u00e4ufig die Frage, welcher Verkehrsteilnehmer in welchem Umfang den Unfall verschuldet hat. Ein klassisches Beispiel sind Fahrzeugkleinkollisionen in Verbindung mit Spurwechsel, \u00dcberholvorg\u00e4ngen und Parkplatzsch\u00e4den. Eine forensische Unfallrekonstruktion wird ebenfalls bei Manipulationsvorw\u00fcrfen \/ Versicherungsbetrug angewendet und l\u00f6st die klassische Gegen\u00fcberstellung ab. [\/vc_column_text][\/vc_column][vc_column width=&#8220;1\/3&#8243;][vc_single_image image=&#8220;13634&#8243; img_size=&#8220;full&#8220;][\/vc_column][\/vc_row][vc_row][vc_column][vc_column_text]Aus den vorhandenen Unfallspuren&hellip;","og_url":"https:\/\/unfallforensik.com\/kfz\/forensiche-unfallrekonstruktion\/","og_site_name":"KFZ Gutachter Unfallforensik, unfallanalytisches Gutachten, Unfallanalyse, Sachverst\u00e4ndiger, Unfallrekonstruktion","article_modified_time":"2018-09-06T11:17:13+00:00","twitter_card":"summary_large_image","twitter_misc":{"Gesch\u00e4tzte Lesezeit":"3\u00a0Minuten"},"schema":{"@context":"https:\/\/schema.org","@graph":[{"@type":"WebPage","@id":"https:\/\/unfallforensik.com\/kfz\/forensiche-unfallrekonstruktion\/","url":"https:\/\/unfallforensik.com\/kfz\/forensiche-unfallrekonstruktion\/","name":"forensiche Unfallrekonstruktion - KFZ Gutachter Unfallforensik, unfallanalytisches Gutachten, Unfallanalyse, Sachverst\u00e4ndiger, Unfallrekonstruktion","isPartOf":{"@id":"https:\/\/unfallforensik.com\/kfz\/#website"},"datePublished":"2018-08-26T08:41:23+00:00","dateModified":"2018-09-06T11:17:13+00:00","breadcrumb":{"@id":"https:\/\/unfallforensik.com\/kfz\/forensiche-unfallrekonstruktion\/#breadcrumb"},"inLanguage":"de","potentialAction":[{"@type":"ReadAction","target":["https:\/\/unfallforensik.com\/kfz\/forensiche-unfallrekonstruktion\/"]}]},{"@type":"BreadcrumbList","@id":"https:\/\/unfallforensik.com\/kfz\/forensiche-unfallrekonstruktion\/#breadcrumb","itemListElement":[{"@type":"ListItem","position":1,"name":"Home","item":"https:\/\/unfallforensik.com\/kfz\/"},{"@type":"ListItem","position":2,"name":"forensiche Unfallrekonstruktion"}]},{"@type":"WebSite","@id":"https:\/\/unfallforensik.com\/kfz\/#website","url":"https:\/\/unfallforensik.com\/kfz\/","name":"KFZ Gutachter Unfallforensik, unfallanalytisches Gutachten, Unfallanalyse, Sachverst\u00e4ndiger, Unfallrekonstruktion","description":"KFZ Gutachter,Unfallschaden,Unfallrekonstruktion,unfallanalytisches Verfahren","publisher":{"@id":"https:\/\/unfallforensik.com\/kfz\/#organization"},"potentialAction":[{"@type":"SearchAction","target":{"@type":"EntryPoint","urlTemplate":"https:\/\/unfallforensik.com\/kfz\/?s={search_term_string}"},"query-input":{"@type":"PropertyValueSpecification","valueRequired":true,"valueName":"search_term_string"}}],"inLanguage":"de"},{"@type":"Organization","@id":"https:\/\/unfallforensik.com\/kfz\/#organization","name":"KFZ Gutachter Unfallforensik, unfallanalytisches Gutachten, Unfallanalyse, Sachverst\u00e4ndiger, Unfallrekonstruktion","url":"https:\/\/unfallforensik.com\/kfz\/","logo":{"@type":"ImageObject","inLanguage":"de","@id":"https:\/\/unfallforensik.com\/kfz\/#\/schema\/logo\/image\/","url":"https:\/\/unfallforensik.com\/kfz\/wp-content\/uploads\/2022\/05\/logo57.png","contentUrl":"https:\/\/unfallforensik.com\/kfz\/wp-content\/uploads\/2022\/05\/logo57.png","width":57,"height":57,"caption":"KFZ Gutachter Unfallforensik, unfallanalytisches Gutachten, Unfallanalyse, Sachverst\u00e4ndiger, Unfallrekonstruktion"},"image":{"@id":"https:\/\/unfallforensik.com\/kfz\/#\/schema\/logo\/image\/"}}]}},"_links":{"self":[{"href":"https:\/\/unfallforensik.com\/kfz\/wp-json\/wp\/v2\/pages\/13633","targetHints":{"allow":["GET"]}}],"collection":[{"href":"https:\/\/unfallforensik.com\/kfz\/wp-json\/wp\/v2\/pages"}],"about":[{"href":"https:\/\/unfallforensik.com\/kfz\/wp-json\/wp\/v2\/types\/page"}],"author":[{"embeddable":true,"href":"https:\/\/unfallforensik.com\/kfz\/wp-json\/wp\/v2\/users\/1"}],"replies":[{"embeddable":true,"href":"https:\/\/unfallforensik.com\/kfz\/wp-json\/wp\/v2\/comments?post=13633"}],"version-history":[{"count":0,"href":"https:\/\/unfallforensik.com\/kfz\/wp-json\/wp\/v2\/pages\/13633\/revisions"}],"wp:attachment":[{"href":"https:\/\/unfallforensik.com\/kfz\/wp-json\/wp\/v2\/media?parent=13633"}],"curies":[{"name":"wp","href":"https:\/\/api.w.org\/{rel}","templated":true}]}}